{"id":31584,"date":"2017-06-07T23:01:31","date_gmt":"2017-06-07T23:01:31","guid":{"rendered":"https:\/\/www.one.org\/fr\/?post_type=one_policy&amp;p=31584"},"modified":"2017-06-07T23:01:31","modified_gmt":"2017-06-07T23:01:31","slug":"le-siecle-de-lafrique","status":"publish","type":"one_policy","link":"https:\/\/www.one.org\/fr\/policy\/le-siecle-de-lafrique\/","title":{"rendered":"Le si\u00e8cle de l\u2019Afrique"},"content":{"rendered":"<p>&nbsp;<\/p>\n<p><strong>Le nouveau rapport de ONE, \u201cLe Si\u00e8cle de l\u2019Afrique\u201d, pr\u00e9sente des donn\u00e9es sur les risques et les opportunit\u00e9s li\u00e9s \u00e0 l\u2019actuelle explosion d\u00e9mographique de la jeunesse africaine. Dans ce rapport, ONE appelle \u00e0 un nouveau partenariat des pays du G20 avec l\u2019Afrique qui consiste entre autres \u00e0 doubler les investissements dans l\u2019\u00e9ducation, l\u2019emploi et l\u2019\u00e9mancipation afin de soutenir un programme de r\u00e9formes \u00e9conomiques et politiques sur le continent. ONE demande \u00e9galement aux dirigeants du G20 d\u2019\u00e9largir les \u201cCompacts avec l\u2019Afrique\u201d afin d\u2019y inclure plus de pays africains, y compris des Etats fragiles et des pays les moins avanc\u00e9s (PMA) et d\u2019y inclure, en plus des initiatives du secteur priv\u00e9, d\u2019importants investissements publics dans l\u2019\u00e9ducation, l\u2019emploi et l\u2019\u00e9mancipation de cette jeunesse africaine en plein essor.<\/strong><\/p>\n<p>La population du continent africain devrait atteindre au moins 2,5 milliards d\u2019habitants d\u2019ici \u00e0 2050, dont la moiti\u00e9 seront des jeunes de moins de 25 ans. En agissant maintenant, ce n\u2019est pas seulement l\u2019Afrique mais bien le monde entier qui pourrait recueillir les fruits de la croissance \u00e9conomique port\u00e9e par cette nouvelle g\u00e9n\u00e9ration.<\/p>\n<p><a class=\"btn\" href=\"https:\/\/s3.amazonaws.com\/one.org\/pdfs\/FR-Brief-LeSiecledelAfrique.pdf\"><strong>T\u00e9l\u00e9charger le rapport (PDF)<\/strong><\/a><\/p>\n<div class=\"buffer\"><\/div>","protected":false},"excerpt":{"rendered":"<p>Le nouveau rapport de ONE, \u201cLe Si\u00e8cle de l\u2019Afrique\u201d, pr\u00e9sente des donn\u00e9es sur les risques et les opportunit\u00e9s li\u00e9s \u00e0 l\u2019actuelle explosion d\u00e9mographique de la jeunesse africaine. <\/p>\n","protected":false},"author":5,"featured_media":0,"template":"","meta":{"_acf_changed":false,"_relevanssi_hide_post":"","_relevanssi_hide_content":"","_relevanssi_pin_for_all":"","_relevanssi_pin_keywords":"","_relevanssi_unpin_keywords":"","_relevanssi_related_keywords":"","_relevanssi_related_include_ids":"","_relevanssi_related_exclude_ids":"","_relevanssi_related_no_append":"","_relevanssi_related_not_related":"","_relevanssi_related_posts":"","_relevanssi_noindex_reason":"","footnotes":""},"class_list":["post-31584","one_policy","type-one_policy","status-publish","hentry"],"acf":[],"yoast_head":"<!-- This site is optimized with the Yoast SEO Premium plugin v27.1 (Yoast SEO v27.1.1) - https:\/\/yoast.com\/product\/yoast-seo-premium-wordpress\/ -->\n<title>Le si\u00e8cle de l\u2019Afrique - ONE.org France<\/title>\n<meta name=\"robots\" content=\"index, follow, max-snippet:-1, max-image-preview:large, max-video-preview:-1\" \/>\n<link rel=\"canonical\" href=\"https:\/\/www.one.org\/fr\/policy\/le-siecle-de-lafrique\/\" \/>\n<meta property=\"og:locale\" content=\"fr_FR\" \/>\n<meta property=\"og:type\" content=\"article\" \/>\n<meta property=\"og:title\" content=\"Le si\u00e8cle de l\u2019Afrique\" \/>\n<meta property=\"og:description\" content=\"Le nouveau rapport de ONE, \u201cLe Si\u00e8cle de l\u2019Afrique\u201d, pr\u00e9sente des donn\u00e9es sur les risques et les opportunit\u00e9s li\u00e9s \u00e0 l\u2019actuelle explosion d\u00e9mographique de la jeunesse africaine.\" \/>\n<meta property=\"og:url\" content=\"https:\/\/www.one.org\/fr\/policy\/le-siecle-de-lafrique\/\" \/>\n<meta property=\"og:site_name\" content=\"ONE.org France\" \/>\n<meta property=\"article:publisher\" content=\"https:\/\/www.facebook.com\/ONE.Fr\" \/>\n<meta property=\"og:image\" content=\"https:\/\/www.one.org\/fr\/wp-content\/uploads\/sites\/4\/2023\/09\/GA_share_1200x628-768x402-1.png\" \/>\n\t<meta property=\"og:image:width\" content=\"768\" \/>\n\t<meta property=\"og:image:height\" content=\"402\" \/>\n\t<meta property=\"og:image:type\" content=\"image\/png\" \/>\n<meta name=\"twitter:card\" content=\"summary_large_image\" \/>\n<meta name=\"twitter:site\" content=\"@one_fr\" \/>\n<meta name=\"twitter:label1\" content=\"Est. reading time\" \/>\n\t<meta name=\"twitter:data1\" content=\"1 minute\" \/>\n<script type=\"application\/ld+json\" class=\"yoast-schema-graph\">{\"@context\":\"https:\/\/schema.org\",\"@graph\":[{\"@type\":[\"Article\",\"Report\"],\"@id\":\"https:\/\/www.one.org\/fr\/policy\/le-siecle-de-lafrique\/#article\",\"isPartOf\":{\"@id\":\"https:\/\/www.one.org\/fr\/policy\/le-siecle-de-lafrique\/\"},\"author\":{\"name\":\"\",\"@id\":\"\"},\"headline\":\"Le si\u00e8cle de l\u2019Afrique\",\"datePublished\":\"2017-06-07T23:01:31+00:00\",\"mainEntityOfPage\":{\"@id\":\"https:\/\/www.one.org\/fr\/policy\/le-siecle-de-lafrique\/\"},\"wordCount\":212,\"inLanguage\":\"fr-FR\"},{\"@type\":\"WebPage\",\"@id\":\"https:\/\/www.one.org\/fr\/policy\/le-siecle-de-lafrique\/\",\"url\":\"https:\/\/www.one.org\/fr\/policy\/le-siecle-de-lafrique\/\",\"name\":\"Le si\u00e8cle de l\u2019Afrique - ONE.org France\",\"isPartOf\":{\"@id\":\"https:\/\/www.one.org\/fr\/#website\"},\"datePublished\":\"2017-06-07T23:01:31+00:00\",\"breadcrumb\":{\"@id\":\"https:\/\/www.one.org\/fr\/policy\/le-siecle-de-lafrique\/#breadcrumb\"},\"inLanguage\":\"fr-FR\",\"potentialAction\":[{\"@type\":\"ReadAction\",\"target\":[\"https:\/\/www.one.org\/fr\/policy\/le-siecle-de-lafrique\/\"]}]},{\"@type\":\"BreadcrumbList\",\"@id\":\"https:\/\/www.one.org\/fr\/policy\/le-siecle-de-lafrique\/#breadcrumb\",\"itemListElement\":[{\"@type\":\"ListItem\",\"position\":1,\"name\":\"Home\",\"item\":\"https:\/\/www.one.org\/fr\/\"},{\"@type\":\"ListItem\",\"position\":2,\"name\":\"Le si\u00e8cle de l\u2019Afrique\"}]},{\"@type\":\"WebSite\",\"@id\":\"https:\/\/www.one.org\/fr\/#website\",\"url\":\"https:\/\/www.one.org\/fr\/\",\"name\":\"ONE.org\",\"description\":\"Cr\u00e9er des opportunit\u00e9s \u00e9conomiques et am\u00e9liorer la sant\u00e9 en Afrique\",\"potentialAction\":[{\"@type\":\"SearchAction\",\"target\":{\"@type\":\"EntryPoint\",\"urlTemplate\":\"https:\/\/www.one.org\/fr\/?s={search_term_string}\"},\"query-input\":{\"@type\":\"PropertyValueSpecification\",\"valueRequired\":true,\"valueName\":\"search_term_string\"}}],\"inLanguage\":\"fr-FR\"},{\"@type\":\"Person\",\"@id\":\"\",\"url\":\"https:\/\/www.one.org\/fr\/actualites\/author\/\"}]}<\/script>\n<!-- \/ Yoast SEO Premium plugin. -->","yoast_head_json":{"title":"Le si\u00e8cle de l\u2019Afrique - ONE.org France","robots":{"index":"index","follow":"follow","max-snippet":"max-snippet:-1","max-image-preview":"max-image-preview:large","max-video-preview":"max-video-preview:-1"},"canonical":"https:\/\/www.one.org\/fr\/policy\/le-siecle-de-lafrique\/","og_locale":"fr_FR","og_type":"article","og_title":"Le si\u00e8cle de l\u2019Afrique","og_description":"Le nouveau rapport de ONE, \u201cLe Si\u00e8cle de l\u2019Afrique\u201d, pr\u00e9sente des donn\u00e9es sur les risques et les opportunit\u00e9s li\u00e9s \u00e0 l\u2019actuelle explosion d\u00e9mographique de la jeunesse africaine.","og_url":"https:\/\/www.one.org\/fr\/policy\/le-siecle-de-lafrique\/","og_site_name":"ONE.org France","article_publisher":"https:\/\/www.facebook.com\/ONE.Fr","og_image":[{"width":768,"height":402,"url":"https:\/\/www.one.org\/fr\/wp-content\/uploads\/sites\/4\/2023\/09\/GA_share_1200x628-768x402-1.png","type":"image\/png"}],"twitter_card":"summary_large_image","twitter_site":"@one_fr","twitter_misc":{"Est. reading time":"1 minute"},"schema":{"@context":"https:\/\/schema.org","@graph":[{"@type":["Article","Report"],"@id":"https:\/\/www.one.org\/fr\/policy\/le-siecle-de-lafrique\/#article","isPartOf":{"@id":"https:\/\/www.one.org\/fr\/policy\/le-siecle-de-lafrique\/"},"author":{"name":"","@id":""},"headline":"Le si\u00e8cle de l\u2019Afrique","datePublished":"2017-06-07T23:01:31+00:00","mainEntityOfPage":{"@id":"https:\/\/www.one.org\/fr\/policy\/le-siecle-de-lafrique\/"},"wordCount":212,"inLanguage":"fr-FR"},{"@type":"WebPage","@id":"https:\/\/www.one.org\/fr\/policy\/le-siecle-de-lafrique\/","url":"https:\/\/www.one.org\/fr\/policy\/le-siecle-de-lafrique\/","name":"Le si\u00e8cle de l\u2019Afrique - ONE.org France","isPartOf":{"@id":"https:\/\/www.one.org\/fr\/#website"},"datePublished":"2017-06-07T23:01:31+00:00","breadcrumb":{"@id":"https:\/\/www.one.org\/fr\/policy\/le-siecle-de-lafrique\/#breadcrumb"},"inLanguage":"fr-FR","potentialAction":[{"@type":"ReadAction","target":["https:\/\/www.one.org\/fr\/policy\/le-siecle-de-lafrique\/"]}]},{"@type":"BreadcrumbList","@id":"https:\/\/www.one.org\/fr\/policy\/le-siecle-de-lafrique\/#breadcrumb","itemListElement":[{"@type":"ListItem","position":1,"name":"Home","item":"https:\/\/www.one.org\/fr\/"},{"@type":"ListItem","position":2,"name":"Le si\u00e8cle de l\u2019Afrique"}]},{"@type":"WebSite","@id":"https:\/\/www.one.org\/fr\/#website","url":"https:\/\/www.one.org\/fr\/","name":"ONE.org","description":"Cr\u00e9er des opportunit\u00e9s \u00e9conomiques et am\u00e9liorer la sant\u00e9 en Afrique","potentialAction":[{"@type":"SearchAction","target":{"@type":"EntryPoint","urlTemplate":"https:\/\/www.one.org\/fr\/?s={search_term_string}"},"query-input":{"@type":"PropertyValueSpecification","valueRequired":true,"valueName":"search_term_string"}}],"inLanguage":"fr-FR"},{"@type":"Person","@id":"","url":"https:\/\/www.one.org\/fr\/actualites\/author\/"}]}},"distributor_meta":false,"distributor_terms":false,"distributor_media":false,"distributor_original_site_name":"ONE.org France","distributor_original_site_url":"https:\/\/www.one.org\/fr","push-errors":false,"_links":{"self":[{"href":"https:\/\/www.one.org\/fr\/wp-json\/wp\/v2\/one_policy\/31584","targetHints":{"allow":["GET"]}}],"collection":[{"href":"https:\/\/www.one.org\/fr\/wp-json\/wp\/v2\/one_policy"}],"about":[{"href":"https:\/\/www.one.org\/fr\/wp-json\/wp\/v2\/types\/one_policy"}],"author":[{"embeddable":true,"href":"https:\/\/www.one.org\/fr\/wp-json\/wp\/v2\/users\/5"}],"version-history":[{"count":0,"href":"https:\/\/www.one.org\/fr\/wp-json\/wp\/v2\/one_policy\/31584\/revisions"}],"wp:attachment":[{"href":"https:\/\/www.one.org\/fr\/wp-json\/wp\/v2\/media?parent=31584"}],"curies":[{"name":"wp","href":"https:\/\/api.w.org\/{rel}","templated":true}]}}

Le siècle de l’Afrique

<p>&nbsp;</p>
<p><strong>Le nouveau rapport de ONE, “Le Siècle de l’Afrique”, présente des données sur les risques et les opportunités liés à l’actuelle explosion démographique de la jeunesse africaine. Dans ce rapport, ONE appelle à un nouveau partenariat des pays du G20 avec l’Afrique qui consiste entre autres à doubler les investissements dans l’éducation, l’emploi et l’émancipation afin de soutenir un programme de réformes économiques et politiques sur le continent. ONE demande également aux dirigeants du G20 d’élargir les “Compacts avec l’Afrique” afin d’y inclure plus de pays africains, y compris des Etats fragiles et des pays les moins avancés (PMA) et d’y inclure, en plus des initiatives du secteur privé, d’importants investissements publics dans l’éducation, l’emploi et l’émancipation de cette jeunesse africaine en plein essor.</strong></p>
<p>La population du continent africain devrait atteindre au moins 2,5 milliards d’habitants d’ici à 2050, dont la moitié seront des jeunes de moins de 25 ans. En agissant maintenant, ce n’est pas seulement l’Afrique mais bien le monde entier qui pourrait recueillir les fruits de la croissance économique portée par cette nouvelle génération.</p>
<p><a class="btn" href="https://s3.amazonaws.com/one.org/pdfs/FR-Brief-LeSiecledelAfrique.pdf"><strong>Télécharger le rapport (PDF)</strong></a></p>
<div class="buffer"></div>

<p>Le nouveau rapport de ONE, “Le Siècle de l’Afrique”, présente des données sur les risques et les opportunités liés à l’actuelle explosion démographique de la jeunesse africaine. </p>

<!-- This site is optimized with the Yoast SEO Premium plugin v27.1 (Yoast SEO v27.1.1) - https://yoast.com/product/yoast-seo-premium-wordpress/ -->
<title>Le siècle de l’Afrique - ONE.org France</title>
<meta name="robots" content="index, follow, max-snippet:-1, max-image-preview:large, max-video-preview:-1" />
<link rel="canonical" href="https://www.one.org/fr/policy/le-siecle-de-lafrique/" />
<meta property="og:locale" content="fr_FR" />
<meta property="og:type" content="article" />
<meta property="og:title" content="Le siècle de l’Afrique" />
<meta property="og:description" content="Le nouveau rapport de ONE, “Le Siècle de l’Afrique”, présente des données sur les risques et les opportunités liés à l’actuelle explosion démographique de la jeunesse africaine." />
<meta property="og:url" content="https://www.one.org/fr/policy/le-siecle-de-lafrique/" />
<meta property="og:site_name" content="ONE.org France" />
<meta property="article:publisher" content="https://www.facebook.com/ONE.Fr" />
<meta property="og:image" content="https://www.one.org/fr/wp-content/uploads/sites/4/2023/09/GA_share_1200x628-768x402-1.png" />
	<meta property="og:image:width" content="768" />
	<meta property="og:image:height" content="402" />
	<meta property="og:image:type" content="image/png" />
<meta name="twitter:card" content="summary_large_image" />
<meta name="twitter:site" content="@one_fr" />
<meta name="twitter:label1" content="Est. reading time" />
	<meta name="twitter:data1" content="1 minute" />
<script type="application/ld+json" class="yoast-schema-graph">{"@context":"https://schema.org","@graph":[{"@type":["Article","Report"],"@id":"https://www.one.org/fr/policy/le-siecle-de-lafrique/#article","isPartOf":{"@id":"https://www.one.org/fr/policy/le-siecle-de-lafrique/"},"author":{"name":"","@id":""},"headline":"Le siècle de l’Afrique","datePublished":"2017-06-07T23:01:31+00:00","mainEntityOfPage":{"@id":"https://www.one.org/fr/policy/le-siecle-de-lafrique/"},"wordCount":212,"inLanguage":"fr-FR"},{"@type":"WebPage","@id":"https://www.one.org/fr/policy/le-siecle-de-lafrique/","url":"https://www.one.org/fr/policy/le-siecle-de-lafrique/","name":"Le siècle de l’Afrique - ONE.org France","isPartOf":{"@id":"https://www.one.org/fr/#website"},"datePublished":"2017-06-07T23:01:31+00:00","breadcrumb":{"@id":"https://www.one.org/fr/policy/le-siecle-de-lafrique/#breadcrumb"},"inLanguage":"fr-FR","potentialAction":[{"@type":"ReadAction","target":["https://www.one.org/fr/policy/le-siecle-de-lafrique/"]}]},{"@type":"BreadcrumbList","@id":"https://www.one.org/fr/policy/le-siecle-de-lafrique/#breadcrumb","itemListElement":[{"@type":"ListItem","position":1,"name":"Home","item":"https://www.one.org/fr/"},{"@type":"ListItem","position":2,"name":"Le siècle de l’Afrique"}]},{"@type":"WebSite","@id":"https://www.one.org/fr/#website","url":"https://www.one.org/fr/","name":"ONE.org","description":"Créer des opportunités économiques et améliorer la santé en Afrique","potentialAction":[{"@type":"SearchAction","target":{"@type":"EntryPoint","urlTemplate":"https://www.one.org/fr/?s={search_term_string}"},"query-input":{"@type":"PropertyValueSpecification","valueRequired":true,"valueName":"search_term_string"}}],"inLanguage":"fr-FR"},{"@type":"Person","@id":"","url":"https://www.one.org/fr/actualites/author/"}]}</script>
<!-- / Yoast SEO Premium plugin. -->

Le siècle de l’Afrique - ONE.org France

Le nouveau rapport de ONE, “Le Siècle de l’Afrique”, présente des données sur les risques et les opportunités liés à l’actuelle explosion démographique de la jeunesse africaine.

Créer des opportunités économiques et améliorer la santé en Afrique
