{"id":159931,"date":"2022-06-24T12:34:06","date_gmt":"2022-06-24T12:34:06","guid":{"rendered":"https:\/\/www.one.org\/fr\/?post_type=one_policy&#038;p=159931"},"modified":"2024-01-09T12:49:26","modified_gmt":"2024-01-09T12:49:26","slug":"la-convergence-des-crises-reduit-lesperance-de-vie-a-lechelle-mondiale","status":"publish","type":"one_policy","link":"https:\/\/www.one.org\/fr\/policy\/la-convergence-des-crises-reduit-lesperance-de-vie-a-lechelle-mondiale\/","title":{"rendered":"La convergence des crises r\u00e9duit l\u2019esp\u00e9rance de vie \u00e0 l\u2019\u00e9chelle mondiale"},"content":{"rendered":"<p>Au lendemain de la pand\u00e9mie de COVID-19, l&#8217;esp\u00e9rance de vie mondiale a recul\u00e9 pour la premi\u00e8re fois depuis les ann\u00e9es 1950. Cette tendance risque d\u2019\u00eatre aggrav\u00e9e par une crise alimentaire mondiale et le r\u00e9chauffement climatique.<\/p>\n<p>En effet, selon une \u00e9tude men\u00e9e par l&#8217;Universit\u00e9 de Californie, l&#8217;esp\u00e9rance de vie \u00e0 l\u2019\u00e9chelle internationale a diminu\u00e9 de <a href=\"https:\/\/onlinelibrary.wiley.com\/doi\/full\/10.1111\/padr.12477\">1,64 an en raison de la pand\u00e9mie de COVID-19 entre 2019 et 2021<\/a>.<\/p>\n<p>\u00c0 titre d\u2019exemple, l&#8217;esp\u00e9rance de vie aux \u00c9tats-Unis est pass\u00e9e de <a href=\"https:\/\/www.medrxiv.org\/content\/10.1101\/2022.04.05.22273393v1.article-info\">78,85 ans en 2019 \u00e0 76,44 ans en 2021<\/a>, soit une perte nette de 2,41 ans. Au sein d\u2019un groupe de <a href=\"https:\/\/jamanetwork.com\/journals\/jamanetworkopen\/fullarticle\/2791004\">21 pays d\u00e9velopp\u00e9s, l\u2019esp\u00e9rance de vie a baiss\u00e9 de 0,58 an entre 2019 et 2020<\/a>. L&#8217;Espagne, la Belgique et l&#8217;Italie ont subi un d\u00e9clin de plus d&#8217;un an, en raison de la hausse de la mortalit\u00e9 li\u00e9e \u00e0 la pand\u00e9mie de COVID-19.<\/p>\n<p>Au cours du si\u00e8cle dernier, les crises telles que les guerres, les pand\u00e9mies, les famines et les g\u00e9nocides ont eu un impact sur l&#8217;esp\u00e9rance de vie, mais elle <a href=\"https:\/\/ourworldindata.org\/life-expectancy\">\u00e9tait en constante augmentation depuis 1800<\/a> \u00e0 l\u2019\u00e9chelle internationale. La Premi\u00e8re et la Deuxi\u00e8me Guerre mondiale ont invers\u00e9 cette tendance au Royaume-Uni, aux \u00c9tats-Unis et au Japon, tandis que l\u2019\u00e9pid\u00e9mie de sida a entrav\u00e9 les progr\u00e8s r\u00e9alis\u00e9s en Afrique du Sud dans les ann\u00e9es 1990. Toutefois, c&#8217;est la premi\u00e8re fois que l&#8217;esp\u00e9rance de vie diminue \u00e0 l&#8217;\u00e9chelle internationale depuis que les Nations unies ont commenc\u00e9 \u00e0 recueillir ces donn\u00e9es en 1950.<\/p>\n<p>Comment en sommes-nous arriv\u00e9s l\u00e0 et comment inverser la tendance ? D\u00e9couvez notre rapport pour en savoir plus.<\/p>\n<p><a href=\"https:\/\/cdn.one.org\/fr\/wp-content\/uploads\/2022\/06\/24123145\/Trad_Progress-on-life-expectancy_finale.pdf\">T\u00e9l\u00e9charger le rapport\u00a0<\/a><\/p>\n<div class=\"buffer\"><\/div>","protected":false},"excerpt":{"rendered":"<p>Au lendemain de la pand\u00e9mie de COVID-19, l&#8217;esp\u00e9rance de vie mondiale a recul\u00e9 pour la premi\u00e8re fois depuis les ann\u00e9es 1950.<\/p>\n","protected":false},"author":25,"featured_media":0,"template":"","meta":{"_acf_changed":false,"_relevanssi_hide_post":"","_relevanssi_hide_content":"","_relevanssi_pin_for_all":"","_relevanssi_pin_keywords":"","_relevanssi_unpin_keywords":"","_relevanssi_related_keywords":"","_relevanssi_related_include_ids":"","_relevanssi_related_exclude_ids":"","_relevanssi_related_no_append":"","_relevanssi_related_not_related":"","_relevanssi_related_posts":"163644,163639,163579,163552,163519,162677","_relevanssi_noindex_reason":"","footnotes":""},"class_list":["post-159931","one_policy","type-one_policy","status-publish","hentry"],"acf":[],"yoast_head":"<!-- This site is optimized with the Yoast SEO Premium plugin v27.1 (Yoast SEO v27.1.1) - https:\/\/yoast.com\/product\/yoast-seo-premium-wordpress\/ -->\n<title>La convergence des crises r\u00e9duit l\u2019esp\u00e9rance de vie<\/title>\n<meta name=\"description\" content=\"Au lendemain de la pand\u00e9mie de COVID-19, l&#039;esp\u00e9rance de vie mondiale a recul\u00e9 pour la premi\u00e8re fois depuis les ann\u00e9es 1950.\" \/>\n<meta name=\"robots\" content=\"index, follow, max-snippet:-1, max-image-preview:large, max-video-preview:-1\" \/>\n<link rel=\"canonical\" href=\"https:\/\/www.one.org\/fr\/policy\/la-convergence-des-crises-reduit-lesperance-de-vie-a-lechelle-mondiale\/\" \/>\n<meta property=\"og:locale\" content=\"fr_FR\" \/>\n<meta property=\"og:type\" content=\"article\" \/>\n<meta property=\"og:title\" content=\"La convergence des crises r\u00e9duit l\u2019esp\u00e9rance de vie \u00e0 l\u2019\u00e9chelle mondiale\" \/>\n<meta property=\"og:description\" content=\"Au lendemain de la pand\u00e9mie de COVID-19, l&#039;esp\u00e9rance de vie mondiale a recul\u00e9 pour la premi\u00e8re fois depuis les ann\u00e9es 1950.\" \/>\n<meta property=\"og:url\" content=\"https:\/\/www.one.org\/fr\/policy\/la-convergence-des-crises-reduit-lesperance-de-vie-a-lechelle-mondiale\/\" \/>\n<meta property=\"og:site_name\" content=\"ONE.org France\" \/>\n<meta property=\"article:publisher\" content=\"https:\/\/www.facebook.com\/ONE.Fr\" \/>\n<meta property=\"article:modified_time\" content=\"2024-01-09T12:49:26+00:00\" \/>\n<meta property=\"og:image\" content=\"https:\/\/www.one.org\/fr\/wp-content\/uploads\/sites\/4\/2023\/09\/GA_share_1200x628-768x402-1.png\" \/>\n\t<meta property=\"og:image:width\" content=\"768\" \/>\n\t<meta property=\"og:image:height\" content=\"402\" \/>\n\t<meta property=\"og:image:type\" content=\"image\/png\" \/>\n<meta name=\"twitter:card\" content=\"summary_large_image\" \/>\n<meta name=\"twitter:site\" content=\"@one_fr\" \/>\n<meta name=\"twitter:label1\" content=\"Est. reading time\" \/>\n\t<meta name=\"twitter:data1\" content=\"2 minutes\" \/>\n<script type=\"application\/ld+json\" class=\"yoast-schema-graph\">{\"@context\":\"https:\/\/schema.org\",\"@graph\":[{\"@type\":[\"Article\",\"Report\"],\"@id\":\"https:\/\/www.one.org\/fr\/policy\/la-convergence-des-crises-reduit-lesperance-de-vie-a-lechelle-mondiale\/#article\",\"isPartOf\":{\"@id\":\"https:\/\/www.one.org\/fr\/policy\/la-convergence-des-crises-reduit-lesperance-de-vie-a-lechelle-mondiale\/\"},\"author\":{\"name\":\"\",\"@id\":\"\"},\"headline\":\"La convergence des crises r\u00e9duit l\u2019esp\u00e9rance de vie \u00e0 l\u2019\u00e9chelle mondiale\",\"datePublished\":\"2022-06-24T12:34:06+00:00\",\"dateModified\":\"2024-01-09T12:49:26+00:00\",\"mainEntityOfPage\":{\"@id\":\"https:\/\/www.one.org\/fr\/policy\/la-convergence-des-crises-reduit-lesperance-de-vie-a-lechelle-mondiale\/\"},\"wordCount\":304,\"inLanguage\":\"fr-FR\"},{\"@type\":\"WebPage\",\"@id\":\"https:\/\/www.one.org\/fr\/policy\/la-convergence-des-crises-reduit-lesperance-de-vie-a-lechelle-mondiale\/\",\"url\":\"https:\/\/www.one.org\/fr\/policy\/la-convergence-des-crises-reduit-lesperance-de-vie-a-lechelle-mondiale\/\",\"name\":\"La convergence des crises r\u00e9duit l\u2019esp\u00e9rance de vie\",\"isPartOf\":{\"@id\":\"https:\/\/www.one.org\/fr\/#website\"},\"datePublished\":\"2022-06-24T12:34:06+00:00\",\"dateModified\":\"2024-01-09T12:49:26+00:00\",\"description\":\"Au lendemain de la pand\u00e9mie de COVID-19, l'esp\u00e9rance de vie mondiale a recul\u00e9 pour la premi\u00e8re fois depuis les ann\u00e9es 1950.\",\"breadcrumb\":{\"@id\":\"https:\/\/www.one.org\/fr\/policy\/la-convergence-des-crises-reduit-lesperance-de-vie-a-lechelle-mondiale\/#breadcrumb\"},\"inLanguage\":\"fr-FR\",\"potentialAction\":[{\"@type\":\"ReadAction\",\"target\":[\"https:\/\/www.one.org\/fr\/policy\/la-convergence-des-crises-reduit-lesperance-de-vie-a-lechelle-mondiale\/\"]}]},{\"@type\":\"BreadcrumbList\",\"@id\":\"https:\/\/www.one.org\/fr\/policy\/la-convergence-des-crises-reduit-lesperance-de-vie-a-lechelle-mondiale\/#breadcrumb\",\"itemListElement\":[{\"@type\":\"ListItem\",\"position\":1,\"name\":\"Home\",\"item\":\"https:\/\/www.one.org\/fr\/\"},{\"@type\":\"ListItem\",\"position\":2,\"name\":\"La convergence des crises r\u00e9duit l\u2019esp\u00e9rance de vie \u00e0 l\u2019\u00e9chelle mondiale\"}]},{\"@type\":\"WebSite\",\"@id\":\"https:\/\/www.one.org\/fr\/#website\",\"url\":\"https:\/\/www.one.org\/fr\/\",\"name\":\"ONE.org\",\"description\":\"Cr\u00e9er des opportunit\u00e9s \u00e9conomiques et am\u00e9liorer la sant\u00e9 en Afrique\",\"potentialAction\":[{\"@type\":\"SearchAction\",\"target\":{\"@type\":\"EntryPoint\",\"urlTemplate\":\"https:\/\/www.one.org\/fr\/?s={search_term_string}\"},\"query-input\":{\"@type\":\"PropertyValueSpecification\",\"valueRequired\":true,\"valueName\":\"search_term_string\"}}],\"inLanguage\":\"fr-FR\"},{\"@type\":\"Person\",\"@id\":\"\",\"url\":\"https:\/\/www.one.org\/fr\/actualites\/author\/\"}]}<\/script>\n<!-- \/ Yoast SEO Premium plugin. -->","yoast_head_json":{"title":"La convergence des crises r\u00e9duit l\u2019esp\u00e9rance de vie","description":"Au lendemain de la pand\u00e9mie de COVID-19, l'esp\u00e9rance de vie mondiale a recul\u00e9 pour la premi\u00e8re fois depuis les ann\u00e9es 1950.","robots":{"index":"index","follow":"follow","max-snippet":"max-snippet:-1","max-image-preview":"max-image-preview:large","max-video-preview":"max-video-preview:-1"},"canonical":"https:\/\/www.one.org\/fr\/policy\/la-convergence-des-crises-reduit-lesperance-de-vie-a-lechelle-mondiale\/","og_locale":"fr_FR","og_type":"article","og_title":"La convergence des crises r\u00e9duit l\u2019esp\u00e9rance de vie \u00e0 l\u2019\u00e9chelle mondiale","og_description":"Au lendemain de la pand\u00e9mie de COVID-19, l'esp\u00e9rance de vie mondiale a recul\u00e9 pour la premi\u00e8re fois depuis les ann\u00e9es 1950.","og_url":"https:\/\/www.one.org\/fr\/policy\/la-convergence-des-crises-reduit-lesperance-de-vie-a-lechelle-mondiale\/","og_site_name":"ONE.org France","article_publisher":"https:\/\/www.facebook.com\/ONE.Fr","article_modified_time":"2024-01-09T12:49:26+00:00","og_image":[{"width":768,"height":402,"url":"https:\/\/www.one.org\/fr\/wp-content\/uploads\/sites\/4\/2023\/09\/GA_share_1200x628-768x402-1.png","type":"image\/png"}],"twitter_card":"summary_large_image","twitter_site":"@one_fr","twitter_misc":{"Est. reading time":"2 minutes"},"schema":{"@context":"https:\/\/schema.org","@graph":[{"@type":["Article","Report"],"@id":"https:\/\/www.one.org\/fr\/policy\/la-convergence-des-crises-reduit-lesperance-de-vie-a-lechelle-mondiale\/#article","isPartOf":{"@id":"https:\/\/www.one.org\/fr\/policy\/la-convergence-des-crises-reduit-lesperance-de-vie-a-lechelle-mondiale\/"},"author":{"name":"","@id":""},"headline":"La convergence des crises r\u00e9duit l\u2019esp\u00e9rance de vie \u00e0 l\u2019\u00e9chelle mondiale","datePublished":"2022-06-24T12:34:06+00:00","dateModified":"2024-01-09T12:49:26+00:00","mainEntityOfPage":{"@id":"https:\/\/www.one.org\/fr\/policy\/la-convergence-des-crises-reduit-lesperance-de-vie-a-lechelle-mondiale\/"},"wordCount":304,"inLanguage":"fr-FR"},{"@type":"WebPage","@id":"https:\/\/www.one.org\/fr\/policy\/la-convergence-des-crises-reduit-lesperance-de-vie-a-lechelle-mondiale\/","url":"https:\/\/www.one.org\/fr\/policy\/la-convergence-des-crises-reduit-lesperance-de-vie-a-lechelle-mondiale\/","name":"La convergence des crises r\u00e9duit l\u2019esp\u00e9rance de vie","isPartOf":{"@id":"https:\/\/www.one.org\/fr\/#website"},"datePublished":"2022-06-24T12:34:06+00:00","dateModified":"2024-01-09T12:49:26+00:00","description":"Au lendemain de la pand\u00e9mie de COVID-19, l'esp\u00e9rance de vie mondiale a recul\u00e9 pour la premi\u00e8re fois depuis les ann\u00e9es 1950.","breadcrumb":{"@id":"https:\/\/www.one.org\/fr\/policy\/la-convergence-des-crises-reduit-lesperance-de-vie-a-lechelle-mondiale\/#breadcrumb"},"inLanguage":"fr-FR","potentialAction":[{"@type":"ReadAction","target":["https:\/\/www.one.org\/fr\/policy\/la-convergence-des-crises-reduit-lesperance-de-vie-a-lechelle-mondiale\/"]}]},{"@type":"BreadcrumbList","@id":"https:\/\/www.one.org\/fr\/policy\/la-convergence-des-crises-reduit-lesperance-de-vie-a-lechelle-mondiale\/#breadcrumb","itemListElement":[{"@type":"ListItem","position":1,"name":"Home","item":"https:\/\/www.one.org\/fr\/"},{"@type":"ListItem","position":2,"name":"La convergence des crises r\u00e9duit l\u2019esp\u00e9rance de vie \u00e0 l\u2019\u00e9chelle mondiale"}]},{"@type":"WebSite","@id":"https:\/\/www.one.org\/fr\/#website","url":"https:\/\/www.one.org\/fr\/","name":"ONE.org","description":"Cr\u00e9er des opportunit\u00e9s \u00e9conomiques et am\u00e9liorer la sant\u00e9 en Afrique","potentialAction":[{"@type":"SearchAction","target":{"@type":"EntryPoint","urlTemplate":"https:\/\/www.one.org\/fr\/?s={search_term_string}"},"query-input":{"@type":"PropertyValueSpecification","valueRequired":true,"valueName":"search_term_string"}}],"inLanguage":"fr-FR"},{"@type":"Person","@id":"","url":"https:\/\/www.one.org\/fr\/actualites\/author\/"}]}},"distributor_meta":false,"distributor_terms":false,"distributor_media":false,"distributor_original_site_name":"ONE.org France","distributor_original_site_url":"https:\/\/www.one.org\/fr","push-errors":false,"_links":{"self":[{"href":"https:\/\/www.one.org\/fr\/wp-json\/wp\/v2\/one_policy\/159931","targetHints":{"allow":["GET"]}}],"collection":[{"href":"https:\/\/www.one.org\/fr\/wp-json\/wp\/v2\/one_policy"}],"about":[{"href":"https:\/\/www.one.org\/fr\/wp-json\/wp\/v2\/types\/one_policy"}],"author":[{"embeddable":true,"href":"https:\/\/www.one.org\/fr\/wp-json\/wp\/v2\/users\/25"}],"version-history":[{"count":0,"href":"https:\/\/www.one.org\/fr\/wp-json\/wp\/v2\/one_policy\/159931\/revisions"}],"wp:attachment":[{"href":"https:\/\/www.one.org\/fr\/wp-json\/wp\/v2\/media?parent=159931"}],"curies":[{"name":"wp","href":"https:\/\/api.w.org\/{rel}","templated":true}]}}

La convergence des crises réduit l’espérance de vie à l’échelle mondiale

<p>Au lendemain de la pandémie de COVID-19, l&#8217;espérance de vie mondiale a reculé pour la première fois depuis les années 1950. Cette tendance risque d’être aggravée par une crise alimentaire mondiale et le réchauffement climatique.</p>
<p>En effet, selon une étude menée par l&#8217;Université de Californie, l&#8217;espérance de vie à l’échelle internationale a diminué de <a href="https://onlinelibrary.wiley.com/doi/full/10.1111/padr.12477">1,64 an en raison de la pandémie de COVID-19 entre 2019 et 2021</a>.</p>
<p>À titre d’exemple, l&#8217;espérance de vie aux États-Unis est passée de <a href="https://www.medrxiv.org/content/10.1101/2022.04.05.22273393v1.article-info">78,85 ans en 2019 à 76,44 ans en 2021</a>, soit une perte nette de 2,41 ans. Au sein d’un groupe de <a href="https://jamanetwork.com/journals/jamanetworkopen/fullarticle/2791004">21 pays développés, l’espérance de vie a baissé de 0,58 an entre 2019 et 2020</a>. L&#8217;Espagne, la Belgique et l&#8217;Italie ont subi un déclin de plus d&#8217;un an, en raison de la hausse de la mortalité liée à la pandémie de COVID-19.</p>
<p>Au cours du siècle dernier, les crises telles que les guerres, les pandémies, les famines et les génocides ont eu un impact sur l&#8217;espérance de vie, mais elle <a href="https://ourworldindata.org/life-expectancy">était en constante augmentation depuis 1800</a> à l’échelle internationale. La Première et la Deuxième Guerre mondiale ont inversé cette tendance au Royaume-Uni, aux États-Unis et au Japon, tandis que l’épidémie de sida a entravé les progrès réalisés en Afrique du Sud dans les années 1990. Toutefois, c&#8217;est la première fois que l&#8217;espérance de vie diminue à l&#8217;échelle internationale depuis que les Nations unies ont commencé à recueillir ces données en 1950.</p>
<p>Comment en sommes-nous arrivés là et comment inverser la tendance ? Découvez notre rapport pour en savoir plus.</p>
<p><a href="https://cdn.one.org/fr/wp-content/uploads/2022/06/24123145/Trad_Progress-on-life-expectancy_finale.pdf">Télécharger le rapport </a></p>
<div class="buffer"></div>

<p>Au lendemain de la pandémie de COVID-19, l&#8217;espérance de vie mondiale a reculé pour la première fois depuis les années 1950.</p>

<!-- This site is optimized with the Yoast SEO Premium plugin v27.1 (Yoast SEO v27.1.1) - https://yoast.com/product/yoast-seo-premium-wordpress/ -->
<title>La convergence des crises réduit l’espérance de vie</title>
<meta name="description" content="Au lendemain de la pandémie de COVID-19, l&#039;espérance de vie mondiale a reculé pour la première fois depuis les années 1950." />
<meta name="robots" content="index, follow, max-snippet:-1, max-image-preview:large, max-video-preview:-1" />
<link rel="canonical" href="https://www.one.org/fr/policy/la-convergence-des-crises-reduit-lesperance-de-vie-a-lechelle-mondiale/" />
<meta property="og:locale" content="fr_FR" />
<meta property="og:type" content="article" />
<meta property="og:title" content="La convergence des crises réduit l’espérance de vie à l’échelle mondiale" />
<meta property="og:description" content="Au lendemain de la pandémie de COVID-19, l&#039;espérance de vie mondiale a reculé pour la première fois depuis les années 1950." />
<meta property="og:url" content="https://www.one.org/fr/policy/la-convergence-des-crises-reduit-lesperance-de-vie-a-lechelle-mondiale/" />
<meta property="og:site_name" content="ONE.org France" />
<meta property="article:publisher" content="https://www.facebook.com/ONE.Fr" />
<meta property="article:modified_time" content="2024-01-09T12:49:26+00:00" />
<meta property="og:image" content="https://www.one.org/fr/wp-content/uploads/sites/4/2023/09/GA_share_1200x628-768x402-1.png" />
	<meta property="og:image:width" content="768" />
	<meta property="og:image:height" content="402" />
	<meta property="og:image:type" content="image/png" />
<meta name="twitter:card" content="summary_large_image" />
<meta name="twitter:site" content="@one_fr" />
<meta name="twitter:label1" content="Est. reading time" />
	<meta name="twitter:data1" content="2 minutes" />
<script type="application/ld+json" class="yoast-schema-graph">{"@context":"https://schema.org","@graph":[{"@type":["Article","Report"],"@id":"https://www.one.org/fr/policy/la-convergence-des-crises-reduit-lesperance-de-vie-a-lechelle-mondiale/#article","isPartOf":{"@id":"https://www.one.org/fr/policy/la-convergence-des-crises-reduit-lesperance-de-vie-a-lechelle-mondiale/"},"author":{"name":"","@id":""},"headline":"La convergence des crises réduit l’espérance de vie à l’échelle mondiale","datePublished":"2022-06-24T12:34:06+00:00","dateModified":"2024-01-09T12:49:26+00:00","mainEntityOfPage":{"@id":"https://www.one.org/fr/policy/la-convergence-des-crises-reduit-lesperance-de-vie-a-lechelle-mondiale/"},"wordCount":304,"inLanguage":"fr-FR"},{"@type":"WebPage","@id":"https://www.one.org/fr/policy/la-convergence-des-crises-reduit-lesperance-de-vie-a-lechelle-mondiale/","url":"https://www.one.org/fr/policy/la-convergence-des-crises-reduit-lesperance-de-vie-a-lechelle-mondiale/","name":"La convergence des crises réduit l’espérance de vie","isPartOf":{"@id":"https://www.one.org/fr/#website"},"datePublished":"2022-06-24T12:34:06+00:00","dateModified":"2024-01-09T12:49:26+00:00","description":"Au lendemain de la pandémie de COVID-19, l'espérance de vie mondiale a reculé pour la première fois depuis les années 1950.","breadcrumb":{"@id":"https://www.one.org/fr/policy/la-convergence-des-crises-reduit-lesperance-de-vie-a-lechelle-mondiale/#breadcrumb"},"inLanguage":"fr-FR","potentialAction":[{"@type":"ReadAction","target":["https://www.one.org/fr/policy/la-convergence-des-crises-reduit-lesperance-de-vie-a-lechelle-mondiale/"]}]},{"@type":"BreadcrumbList","@id":"https://www.one.org/fr/policy/la-convergence-des-crises-reduit-lesperance-de-vie-a-lechelle-mondiale/#breadcrumb","itemListElement":[{"@type":"ListItem","position":1,"name":"Home","item":"https://www.one.org/fr/"},{"@type":"ListItem","position":2,"name":"La convergence des crises réduit l’espérance de vie à l’échelle mondiale"}]},{"@type":"WebSite","@id":"https://www.one.org/fr/#website","url":"https://www.one.org/fr/","name":"ONE.org","description":"Créer des opportunités économiques et améliorer la santé en Afrique","potentialAction":[{"@type":"SearchAction","target":{"@type":"EntryPoint","urlTemplate":"https://www.one.org/fr/?s={search_term_string}"},"query-input":{"@type":"PropertyValueSpecification","valueRequired":true,"valueName":"search_term_string"}}],"inLanguage":"fr-FR"},{"@type":"Person","@id":"","url":"https://www.one.org/fr/actualites/author/"}]}</script>
<!-- / Yoast SEO Premium plugin. -->

La convergence des crises réduit l’espérance de vie

Au lendemain de la pandémie de COVID-19, l'espérance de vie mondiale a reculé pour la première fois depuis les années 1950.

Créer des opportunités économiques et améliorer la santé en Afrique
