{"id":158198,"date":"2021-11-26T12:16:06","date_gmt":"2021-11-26T12:16:06","guid":{"rendered":"https:\/\/www.one.org\/de\/?post_type=one_policy&amp;p=158198"},"modified":"2021-11-26T12:16:06","modified_gmt":"2021-11-26T12:16:06","slug":"covid-19-und-hiv-aids","status":"publish","type":"one_policy","link":"https:\/\/www.one.org\/de\/policy\/covid-19-und-hiv-aids\/","title":{"rendered":"Weshalb wir die Bek\u00e4mpfung von COVID-19 und HIV\/Aids zusammendenken m\u00fcssen"},"content":{"rendered":"<p>Zwei Jahre im Kampf gegen zwei Pandemien gleichzeitig haben eines sehr deutlich gemacht: Um zwei Jahrzehnte des Fortschritts im Kampf gegen HIV\/Aids zu bewahren und fortsetzen zu k\u00f6nnen, muss zun\u00e4chst die Verbreitung von COVID-19 gestoppt werden.<\/p>\n<p>Dieser Bericht zieht eine aktuelle Bilanz zur HIV\/Aids-Pandemie vor dem Hintergrund der Coronakrise. Er richtet den Blick auf Innovationen und Lehren, die von nun an als Grundlage f\u00fcr jede Pandemiereaktion dienen sollten. Dar\u00fcber hinaus identifiziert er drei Bereiche, in denen Fortschritte n\u00f6tig sind, um den Kampf gegen HIV\/Aids wieder auf Kurs zu bringen.<\/p>\n<p><a class=\"btn\" href=\"https:\/\/cdn.one.org\/pdfs\/WAD_2021_brief_DE.pdf\" target=\"_blank\" rel=\"noopener noreferrer\">Den Bericht herunterladen (PDF)<\/a><\/p>\n<div class=\"buffer\"><\/div>","protected":false},"excerpt":{"rendered":"<p>Zwei Jahre im Kampf gegen zwei Pandemien gleichzeitig haben eines sehr deutlich gemacht: Um zwei Jahrzehnte des Fortschritts im Kampf gegen HIV\/Aids zu bewahren und fortsetzen zu k\u00f6nnen, muss zun\u00e4chst die Verbreitung von COVID-19 gestoppt werden.<\/p>\n","protected":false},"author":38,"featured_media":0,"template":"","meta":{"_acf_changed":false,"_relevanssi_hide_post":"","_relevanssi_hide_content":"","_relevanssi_pin_for_all":"","_relevanssi_pin_keywords":"","_relevanssi_unpin_keywords":"","_relevanssi_related_keywords":"","_relevanssi_related_include_ids":"","_relevanssi_related_exclude_ids":"","_relevanssi_related_no_append":"","_relevanssi_related_not_related":"","_relevanssi_related_posts":"","_relevanssi_noindex_reason":"","footnotes":""},"class_list":["post-158198","one_policy","type-one_policy","status-publish","hentry"],"acf":[],"yoast_head":"<!-- This site is optimized with the Yoast SEO Premium plugin v27.1 (Yoast SEO v27.1.1) - https:\/\/yoast.com\/product\/yoast-seo-premium-wordpress\/ -->\n<title>Weshalb wir die Bek\u00e4mpfung von COVID-19 und HIV\/Aids zusammendenken m\u00fcssen - ONE.org Deutschland<\/title>\n<meta name=\"description\" content=\"Um zwei Jahrzehnte des Fortschritts im Kampf gegen HIV\/Aids zu bewahren und fortsetzen zu k\u00f6nnen, muss die Verbreitung von COVID-19 enden.\" \/>\n<meta name=\"robots\" content=\"index, follow, max-snippet:-1, max-image-preview:large, max-video-preview:-1\" \/>\n<link rel=\"canonical\" href=\"https:\/\/www.one.org\/de\/policy\/covid-19-und-hiv-aids\/\" \/>\n<meta property=\"og:locale\" content=\"de_DE\" \/>\n<meta property=\"og:type\" content=\"article\" \/>\n<meta property=\"og:title\" content=\"Weshalb wir die Bek\u00e4mpfung von COVID-19 und HIV\/Aids zusammendenken m\u00fcssen\" \/>\n<meta property=\"og:description\" content=\"Um zwei Jahrzehnte des Fortschritts im Kampf gegen HIV\/Aids zu bewahren und fortsetzen zu k\u00f6nnen, muss die Verbreitung von COVID-19 enden.\" \/>\n<meta property=\"og:url\" content=\"https:\/\/www.one.org\/de\/policy\/covid-19-und-hiv-aids\/\" \/>\n<meta property=\"og:site_name\" content=\"ONE.org Deutschland\" \/>\n<meta property=\"article:publisher\" content=\"https:\/\/www.facebook.com\/ONEinNederland\" \/>\n<meta property=\"og:image\" content=\"https:\/\/www.one.org\/de\/wp-content\/uploads\/sites\/3\/2023\/09\/GA_share_1200x628-768x402-1.png\" \/>\n\t<meta property=\"og:image:width\" content=\"768\" \/>\n\t<meta property=\"og:image:height\" content=\"402\" \/>\n\t<meta property=\"og:image:type\" content=\"image\/png\" \/>\n<meta name=\"twitter:card\" content=\"summary_large_image\" \/>\n<meta name=\"twitter:site\" content=\"@ONENederland\" \/>\n<meta name=\"twitter:label1\" content=\"Est. reading time\" \/>\n\t<meta name=\"twitter:data1\" content=\"1 minute\" \/>\n<script type=\"application\/ld+json\" class=\"yoast-schema-graph\">{\"@context\":\"https:\/\/schema.org\",\"@graph\":[{\"@type\":[\"Article\",\"Report\"],\"@id\":\"https:\/\/www.one.org\/de\/policy\/covid-19-und-hiv-aids\/#article\",\"isPartOf\":{\"@id\":\"https:\/\/www.one.org\/de\/policy\/covid-19-und-hiv-aids\/\"},\"author\":{\"name\":\"Pearl Abbey-Obaro\",\"@id\":\"https:\/\/www.one.org\/de\/#\/schema\/person\/9e4707e335ac5276bac34341711bbcd8\"},\"headline\":\"Weshalb wir die Bek\u00e4mpfung von COVID-19 und HIV\/Aids zusammendenken m\u00fcssen\",\"datePublished\":\"2021-11-26T12:16:06+00:00\",\"mainEntityOfPage\":{\"@id\":\"https:\/\/www.one.org\/de\/policy\/covid-19-und-hiv-aids\/\"},\"wordCount\":114,\"inLanguage\":\"de-DE\"},{\"@type\":\"WebPage\",\"@id\":\"https:\/\/www.one.org\/de\/policy\/covid-19-und-hiv-aids\/\",\"url\":\"https:\/\/www.one.org\/de\/policy\/covid-19-und-hiv-aids\/\",\"name\":\"Weshalb wir die Bek\u00e4mpfung von COVID-19 und HIV\/Aids zusammendenken m\u00fcssen - ONE.org Deutschland\",\"isPartOf\":{\"@id\":\"https:\/\/www.one.org\/de\/#website\"},\"datePublished\":\"2021-11-26T12:16:06+00:00\",\"description\":\"Um zwei Jahrzehnte des Fortschritts im Kampf gegen HIV\/Aids zu bewahren und fortsetzen zu k\u00f6nnen, muss die Verbreitung von COVID-19 enden.\",\"breadcrumb\":{\"@id\":\"https:\/\/www.one.org\/de\/policy\/covid-19-und-hiv-aids\/#breadcrumb\"},\"inLanguage\":\"de-DE\",\"potentialAction\":[{\"@type\":\"ReadAction\",\"target\":[\"https:\/\/www.one.org\/de\/policy\/covid-19-und-hiv-aids\/\"]}]},{\"@type\":\"BreadcrumbList\",\"@id\":\"https:\/\/www.one.org\/de\/policy\/covid-19-und-hiv-aids\/#breadcrumb\",\"itemListElement\":[{\"@type\":\"ListItem\",\"position\":1,\"name\":\"Home\",\"item\":\"https:\/\/www.one.org\/de\/\"},{\"@type\":\"ListItem\",\"position\":2,\"name\":\"Weshalb wir die Bek\u00e4mpfung von COVID-19 und HIV\/Aids zusammendenken m\u00fcssen\"}]},{\"@type\":\"WebSite\",\"@id\":\"https:\/\/www.one.org\/de\/#website\",\"url\":\"https:\/\/www.one.org\/de\/\",\"name\":\"ONE.org\",\"description\":\"F\u00fcr mehr wirtschaftliche Chancen und ein starkes Gesundheitswesen in Afrika\",\"potentialAction\":[{\"@type\":\"SearchAction\",\"target\":{\"@type\":\"EntryPoint\",\"urlTemplate\":\"https:\/\/www.one.org\/de\/?s={search_term_string}\"},\"query-input\":{\"@type\":\"PropertyValueSpecification\",\"valueRequired\":true,\"valueName\":\"search_term_string\"}}],\"inLanguage\":\"de-DE\"},{\"@type\":\"Person\",\"@id\":\"https:\/\/www.one.org\/de\/#\/schema\/person\/9e4707e335ac5276bac34341711bbcd8\",\"name\":\"Pearl Abbey-Obaro\",\"image\":{\"@type\":\"ImageObject\",\"inLanguage\":\"de-DE\",\"@id\":\"https:\/\/www.one.org\/de\/#\/schema\/person\/image\/\",\"url\":\"https:\/\/secure.gravatar.com\/avatar\/8a24872528eec94fd41170a9725b842e467641c8b021ef6fa0245c658e7c7e1e?s=96&d=mm&r=g\",\"contentUrl\":\"https:\/\/secure.gravatar.com\/avatar\/8a24872528eec94fd41170a9725b842e467641c8b021ef6fa0245c658e7c7e1e?s=96&d=mm&r=g\",\"caption\":\"Pearl Abbey-Obaro\"},\"url\":\"https:\/\/www.one.org\/de\/neuigkeiten\/author\/pearlabbeyobaro\/\"}]}<\/script>\n<!-- \/ Yoast SEO Premium plugin. -->","yoast_head_json":{"title":"Weshalb wir die Bek\u00e4mpfung von COVID-19 und HIV\/Aids zusammendenken m\u00fcssen - ONE.org Deutschland","description":"Um zwei Jahrzehnte des Fortschritts im Kampf gegen HIV\/Aids zu bewahren und fortsetzen zu k\u00f6nnen, muss die Verbreitung von COVID-19 enden.","robots":{"index":"index","follow":"follow","max-snippet":"max-snippet:-1","max-image-preview":"max-image-preview:large","max-video-preview":"max-video-preview:-1"},"canonical":"https:\/\/www.one.org\/de\/policy\/covid-19-und-hiv-aids\/","og_locale":"de_DE","og_type":"article","og_title":"Weshalb wir die Bek\u00e4mpfung von COVID-19 und HIV\/Aids zusammendenken m\u00fcssen","og_description":"Um zwei Jahrzehnte des Fortschritts im Kampf gegen HIV\/Aids zu bewahren und fortsetzen zu k\u00f6nnen, muss die Verbreitung von COVID-19 enden.","og_url":"https:\/\/www.one.org\/de\/policy\/covid-19-und-hiv-aids\/","og_site_name":"ONE.org Deutschland","article_publisher":"https:\/\/www.facebook.com\/ONEinNederland","og_image":[{"width":768,"height":402,"url":"https:\/\/www.one.org\/de\/wp-content\/uploads\/sites\/3\/2023\/09\/GA_share_1200x628-768x402-1.png","type":"image\/png"}],"twitter_card":"summary_large_image","twitter_site":"@ONENederland","twitter_misc":{"Est. reading time":"1 minute"},"schema":{"@context":"https:\/\/schema.org","@graph":[{"@type":["Article","Report"],"@id":"https:\/\/www.one.org\/de\/policy\/covid-19-und-hiv-aids\/#article","isPartOf":{"@id":"https:\/\/www.one.org\/de\/policy\/covid-19-und-hiv-aids\/"},"author":{"name":"Pearl Abbey-Obaro","@id":"https:\/\/www.one.org\/de\/#\/schema\/person\/9e4707e335ac5276bac34341711bbcd8"},"headline":"Weshalb wir die Bek\u00e4mpfung von COVID-19 und HIV\/Aids zusammendenken m\u00fcssen","datePublished":"2021-11-26T12:16:06+00:00","mainEntityOfPage":{"@id":"https:\/\/www.one.org\/de\/policy\/covid-19-und-hiv-aids\/"},"wordCount":114,"inLanguage":"de-DE"},{"@type":"WebPage","@id":"https:\/\/www.one.org\/de\/policy\/covid-19-und-hiv-aids\/","url":"https:\/\/www.one.org\/de\/policy\/covid-19-und-hiv-aids\/","name":"Weshalb wir die Bek\u00e4mpfung von COVID-19 und HIV\/Aids zusammendenken m\u00fcssen - ONE.org Deutschland","isPartOf":{"@id":"https:\/\/www.one.org\/de\/#website"},"datePublished":"2021-11-26T12:16:06+00:00","description":"Um zwei Jahrzehnte des Fortschritts im Kampf gegen HIV\/Aids zu bewahren und fortsetzen zu k\u00f6nnen, muss die Verbreitung von COVID-19 enden.","breadcrumb":{"@id":"https:\/\/www.one.org\/de\/policy\/covid-19-und-hiv-aids\/#breadcrumb"},"inLanguage":"de-DE","potentialAction":[{"@type":"ReadAction","target":["https:\/\/www.one.org\/de\/policy\/covid-19-und-hiv-aids\/"]}]},{"@type":"BreadcrumbList","@id":"https:\/\/www.one.org\/de\/policy\/covid-19-und-hiv-aids\/#breadcrumb","itemListElement":[{"@type":"ListItem","position":1,"name":"Home","item":"https:\/\/www.one.org\/de\/"},{"@type":"ListItem","position":2,"name":"Weshalb wir die Bek\u00e4mpfung von COVID-19 und HIV\/Aids zusammendenken m\u00fcssen"}]},{"@type":"WebSite","@id":"https:\/\/www.one.org\/de\/#website","url":"https:\/\/www.one.org\/de\/","name":"ONE.org","description":"F\u00fcr mehr wirtschaftliche Chancen und ein starkes Gesundheitswesen in Afrika","potentialAction":[{"@type":"SearchAction","target":{"@type":"EntryPoint","urlTemplate":"https:\/\/www.one.org\/de\/?s={search_term_string}"},"query-input":{"@type":"PropertyValueSpecification","valueRequired":true,"valueName":"search_term_string"}}],"inLanguage":"de-DE"},{"@type":"Person","@id":"https:\/\/www.one.org\/de\/#\/schema\/person\/9e4707e335ac5276bac34341711bbcd8","name":"Pearl Abbey-Obaro","image":{"@type":"ImageObject","inLanguage":"de-DE","@id":"https:\/\/www.one.org\/de\/#\/schema\/person\/image\/","url":"https:\/\/secure.gravatar.com\/avatar\/8a24872528eec94fd41170a9725b842e467641c8b021ef6fa0245c658e7c7e1e?s=96&d=mm&r=g","contentUrl":"https:\/\/secure.gravatar.com\/avatar\/8a24872528eec94fd41170a9725b842e467641c8b021ef6fa0245c658e7c7e1e?s=96&d=mm&r=g","caption":"Pearl Abbey-Obaro"},"url":"https:\/\/www.one.org\/de\/neuigkeiten\/author\/pearlabbeyobaro\/"}]}},"distributor_meta":false,"distributor_terms":false,"distributor_media":false,"distributor_original_site_name":"ONE.org Deutschland","distributor_original_site_url":"https:\/\/www.one.org\/de","push-errors":false,"_links":{"self":[{"href":"https:\/\/www.one.org\/de\/wp-json\/wp\/v2\/one_policy\/158198","targetHints":{"allow":["GET"]}}],"collection":[{"href":"https:\/\/www.one.org\/de\/wp-json\/wp\/v2\/one_policy"}],"about":[{"href":"https:\/\/www.one.org\/de\/wp-json\/wp\/v2\/types\/one_policy"}],"author":[{"embeddable":true,"href":"https:\/\/www.one.org\/de\/wp-json\/wp\/v2\/users\/38"}],"version-history":[{"count":0,"href":"https:\/\/www.one.org\/de\/wp-json\/wp\/v2\/one_policy\/158198\/revisions"}],"wp:attachment":[{"href":"https:\/\/www.one.org\/de\/wp-json\/wp\/v2\/media?parent=158198"}],"curies":[{"name":"wp","href":"https:\/\/api.w.org\/{rel}","templated":true}]}}

Weshalb wir die Bekämpfung von COVID-19 und HIV/Aids zusammendenken müssen

<p>Zwei Jahre im Kampf gegen zwei Pandemien gleichzeitig haben eines sehr deutlich gemacht: Um zwei Jahrzehnte des Fortschritts im Kampf gegen HIV/Aids zu bewahren und fortsetzen zu können, muss zunächst die Verbreitung von COVID-19 gestoppt werden.</p>
<p>Dieser Bericht zieht eine aktuelle Bilanz zur HIV/Aids-Pandemie vor dem Hintergrund der Coronakrise. Er richtet den Blick auf Innovationen und Lehren, die von nun an als Grundlage für jede Pandemiereaktion dienen sollten. Darüber hinaus identifiziert er drei Bereiche, in denen Fortschritte nötig sind, um den Kampf gegen HIV/Aids wieder auf Kurs zu bringen.</p>
<p><a class="btn" href="https://cdn.one.org/pdfs/WAD_2021_brief_DE.pdf" target="_blank" rel="noopener noreferrer">Den Bericht herunterladen (PDF)</a></p>
<div class="buffer"></div>

<p>Zwei Jahre im Kampf gegen zwei Pandemien gleichzeitig haben eines sehr deutlich gemacht: Um zwei Jahrzehnte des Fortschritts im Kampf gegen HIV/Aids zu bewahren und fortsetzen zu können, muss zunächst die Verbreitung von COVID-19 gestoppt werden.</p>

<!-- This site is optimized with the Yoast SEO Premium plugin v27.1 (Yoast SEO v27.1.1) - https://yoast.com/product/yoast-seo-premium-wordpress/ -->
<title>Weshalb wir die Bekämpfung von COVID-19 und HIV/Aids zusammendenken müssen - ONE.org Deutschland</title>
<meta name="description" content="Um zwei Jahrzehnte des Fortschritts im Kampf gegen HIV/Aids zu bewahren und fortsetzen zu können, muss die Verbreitung von COVID-19 enden." />
<meta name="robots" content="index, follow, max-snippet:-1, max-image-preview:large, max-video-preview:-1" />
<link rel="canonical" href="https://www.one.org/de/policy/covid-19-und-hiv-aids/" />
<meta property="og:locale" content="de_DE" />
<meta property="og:type" content="article" />
<meta property="og:title" content="Weshalb wir die Bekämpfung von COVID-19 und HIV/Aids zusammendenken müssen" />
<meta property="og:description" content="Um zwei Jahrzehnte des Fortschritts im Kampf gegen HIV/Aids zu bewahren und fortsetzen zu können, muss die Verbreitung von COVID-19 enden." />
<meta property="og:url" content="https://www.one.org/de/policy/covid-19-und-hiv-aids/" />
<meta property="og:site_name" content="ONE.org Deutschland" />
<meta property="article:publisher" content="https://www.facebook.com/ONEinNederland" />
<meta property="og:image" content="https://www.one.org/de/wp-content/uploads/sites/3/2023/09/GA_share_1200x628-768x402-1.png" />
	<meta property="og:image:width" content="768" />
	<meta property="og:image:height" content="402" />
	<meta property="og:image:type" content="image/png" />
<meta name="twitter:card" content="summary_large_image" />
<meta name="twitter:site" content="@ONENederland" />
<meta name="twitter:label1" content="Est. reading time" />
	<meta name="twitter:data1" content="1 minute" />
<script type="application/ld+json" class="yoast-schema-graph">{"@context":"https://schema.org","@graph":[{"@type":["Article","Report"],"@id":"https://www.one.org/de/policy/covid-19-und-hiv-aids/#article","isPartOf":{"@id":"https://www.one.org/de/policy/covid-19-und-hiv-aids/"},"author":{"name":"Pearl Abbey-Obaro","@id":"https://www.one.org/de/#/schema/person/9e4707e335ac5276bac34341711bbcd8"},"headline":"Weshalb wir die Bekämpfung von COVID-19 und HIV/Aids zusammendenken müssen","datePublished":"2021-11-26T12:16:06+00:00","mainEntityOfPage":{"@id":"https://www.one.org/de/policy/covid-19-und-hiv-aids/"},"wordCount":114,"inLanguage":"de-DE"},{"@type":"WebPage","@id":"https://www.one.org/de/policy/covid-19-und-hiv-aids/","url":"https://www.one.org/de/policy/covid-19-und-hiv-aids/","name":"Weshalb wir die Bekämpfung von COVID-19 und HIV/Aids zusammendenken müssen - ONE.org Deutschland","isPartOf":{"@id":"https://www.one.org/de/#website"},"datePublished":"2021-11-26T12:16:06+00:00","description":"Um zwei Jahrzehnte des Fortschritts im Kampf gegen HIV/Aids zu bewahren und fortsetzen zu können, muss die Verbreitung von COVID-19 enden.","breadcrumb":{"@id":"https://www.one.org/de/policy/covid-19-und-hiv-aids/#breadcrumb"},"inLanguage":"de-DE","potentialAction":[{"@type":"ReadAction","target":["https://www.one.org/de/policy/covid-19-und-hiv-aids/"]}]},{"@type":"BreadcrumbList","@id":"https://www.one.org/de/policy/covid-19-und-hiv-aids/#breadcrumb","itemListElement":[{"@type":"ListItem","position":1,"name":"Home","item":"https://www.one.org/de/"},{"@type":"ListItem","position":2,"name":"Weshalb wir die Bekämpfung von COVID-19 und HIV/Aids zusammendenken müssen"}]},{"@type":"WebSite","@id":"https://www.one.org/de/#website","url":"https://www.one.org/de/","name":"ONE.org","description":"Für mehr wirtschaftliche Chancen und ein starkes Gesundheitswesen in Afrika","potentialAction":[{"@type":"SearchAction","target":{"@type":"EntryPoint","urlTemplate":"https://www.one.org/de/?s={search_term_string}"},"query-input":{"@type":"PropertyValueSpecification","valueRequired":true,"valueName":"search_term_string"}}],"inLanguage":"de-DE"},{"@type":"Person","@id":"https://www.one.org/de/#/schema/person/9e4707e335ac5276bac34341711bbcd8","name":"Pearl Abbey-Obaro","image":{"@type":"ImageObject","inLanguage":"de-DE","@id":"https://www.one.org/de/#/schema/person/image/","url":"https://secure.gravatar.com/avatar/8a24872528eec94fd41170a9725b842e467641c8b021ef6fa0245c658e7c7e1e?s=96&d=mm&r=g","contentUrl":"https://secure.gravatar.com/avatar/8a24872528eec94fd41170a9725b842e467641c8b021ef6fa0245c658e7c7e1e?s=96&d=mm&r=g","caption":"Pearl Abbey-Obaro"},"url":"https://www.one.org/de/neuigkeiten/author/pearlabbeyobaro/"}]}</script>
<!-- / Yoast SEO Premium plugin. -->

Weshalb wir die Bekämpfung von COVID-19 und HIV/Aids zusammendenken müssen - ONE.org Deutschland

Um zwei Jahrzehnte des Fortschritts im Kampf gegen HIV/Aids zu bewahren und fortsetzen zu können, muss die Verbreitung von COVID-19 enden.

Für mehr wirtschaftliche Chancen und ein starkes Gesundheitswesen in Afrika
