{"id":173361,"date":"2026-01-22T15:08:34","date_gmt":"2026-01-22T15:08:34","guid":{"rendered":"https:\/\/pressable.one.org.ddev.site:8443\/?post_type=one_person&amp;p=170201"},"modified":"2026-01-22T15:08:34","modified_gmt":"2026-01-22T15:08:34","slug":"dr-irme-stetter-karp","status":"publish","type":"one_person","link":"https:\/\/www.one.org\/de\/person\/dr-irme-stetter-karp\/","title":{"rendered":"Dr. Irme Stetter-Karp"},"content":{"rendered":"\n<p>Dr. Irme Stetter-Karp ist Diplom-Sozialarbeiterin, Diplom-P\u00e4dagogin, Dr. rer.soc, und sie hat einen Medizinethik-Master. Seit 1986 hat Irme-Stetter-Karp F\u00fchrungsaufgaben in der Di\u00f6zese Rottenburg-Stuttgart inne: 1986 in Personalunion Leiterin des Bisch\u00f6flichen Jugendamtes und BDKJ-Di\u00f6zesanvorsitzende, Leiterin des Bildungswerks, Di\u00f6zesancaritasdirektorin, 2006-2020 Ordinariatsr\u00e4tin\/Leiterin der Hauptabteilung Caritas. Irme Stetter-Karp hat viele Ehren\u00e4mter inne: 2010-2022 Vizepr\u00e4sidentin des Deutschen Caritasverbandes, 2007-2019 Bundesvorsitzende IN VIA; seit 2020 Pr\u00e4sidentin des Deutschen Verein f\u00fcr \u00f6ffentliche und private F\u00fcrsorge e.V. Berlin. Irme Stetter-Karp beschreibt ihre Motivation folgenderma\u00dfen: Frieden ist keine Selbstverst\u00e4ndlichkeit mehr. Als Christen m\u00fcssen wir Haltung zeigen und \u00f6ffentlich f\u00fcr die W\u00fcrde aller Menschen einstehen.<\/p>\n<div class=\"buffer\"><\/div>","protected":false},"excerpt":{"rendered":"<p>Dr. Irme Stetter-Karp ist Diplom-Sozialarbeiterin, Diplom-P\u00e4dagogin, Dr. rer.soc, und sie hat einen Medizinethik-Master. Seit 1986 hat Irme-Stetter-Karp F\u00fchrungsaufgaben in der Di\u00f6zese Rottenburg-Stuttgart inne: 1986 in Personalunion Leiterin des Bisch\u00f6flichen Jugendamtes und BDKJ-Di\u00f6zesanvorsitzende, Leiterin des Bildungswerks, Di\u00f6zesancaritasdirektorin, 2006-2020 Ordinariatsr\u00e4tin\/Leiterin der Hauptabteilung Caritas. Irme Stetter-Karp hat viele Ehren\u00e4mter inne: 2010-2022 Vizepr\u00e4sidentin des Deutschen Caritasverbandes, 2007-2019 Bundesvorsitzende IN [&hellip;]<\/p>\n","protected":false},"author":3,"featured_media":170211,"template":"","meta":{"_acf_changed":false,"_relevanssi_hide_post":"","_relevanssi_hide_content":"","_relevanssi_pin_for_all":"","_relevanssi_pin_keywords":"","_relevanssi_unpin_keywords":"","_relevanssi_related_keywords":"","_relevanssi_related_include_ids":"","_relevanssi_related_exclude_ids":"","_relevanssi_related_no_append":"","_relevanssi_related_not_related":"","_relevanssi_related_posts":"164437,168697,164221,163782,163535,163813","_relevanssi_noindex_reason":"","footnotes":""},"team":[328],"class_list":["post-173361","one_person","type-one_person","status-publish","has-post-thumbnail","hentry"],"acf":[],"yoast_head":"<!-- This site is optimized with the Yoast SEO Premium plugin v27.1 (Yoast SEO v27.1.1) - https:\/\/yoast.com\/product\/yoast-seo-premium-wordpress\/ -->\n<title>Dr. Irme Stetter-Karp - ONE.org Deutschland<\/title>\n<meta name=\"robots\" content=\"index, follow, max-snippet:-1, max-image-preview:large, max-video-preview:-1\" \/>\n<link rel=\"canonical\" href=\"https:\/\/www.one.org\/de\/person\/dr-irme-stetter-karp\/\" \/>\n<meta property=\"og:locale\" content=\"de_DE\" \/>\n<meta property=\"og:type\" content=\"article\" \/>\n<meta property=\"og:title\" content=\"Dr. Irme Stetter-Karp\" \/>\n<meta property=\"og:description\" content=\"Dr. Irme Stetter-Karp ist Diplom-Sozialarbeiterin, Diplom-P\u00e4dagogin, Dr. rer.soc, und sie hat einen Medizinethik-Master. Seit 1986 hat Irme-Stetter-Karp F\u00fchrungsaufgaben in der Di\u00f6zese Rottenburg-Stuttgart inne: 1986 in Personalunion Leiterin des Bisch\u00f6flichen Jugendamtes und BDKJ-Di\u00f6zesanvorsitzende, Leiterin des Bildungswerks, Di\u00f6zesancaritasdirektorin, 2006-2020 Ordinariatsr\u00e4tin\/Leiterin der Hauptabteilung Caritas. Irme Stetter-Karp hat viele Ehren\u00e4mter inne: 2010-2022 Vizepr\u00e4sidentin des Deutschen Caritasverbandes, 2007-2019 Bundesvorsitzende IN [&hellip;]\" \/>\n<meta property=\"og:url\" content=\"https:\/\/www.one.org\/de\/person\/dr-irme-stetter-karp\/\" \/>\n<meta property=\"og:site_name\" content=\"ONE.org Deutschland\" \/>\n<meta property=\"article:publisher\" content=\"https:\/\/www.facebook.com\/ONEinNederland\" \/>\n<meta property=\"og:image\" content=\"https:\/\/www.one.org\/de\/wp-content\/uploads\/sites\/3\/2026\/01\/dr-irme-stetter-karp.jpg\" \/>\n\t<meta property=\"og:image:width\" content=\"491\" \/>\n\t<meta property=\"og:image:height\" content=\"492\" \/>\n\t<meta property=\"og:image:type\" content=\"image\/jpeg\" \/>\n<meta name=\"twitter:card\" content=\"summary_large_image\" \/>\n<meta name=\"twitter:site\" content=\"@ONENederland\" \/>\n<meta name=\"twitter:label1\" content=\"Est. reading time\" \/>\n\t<meta name=\"twitter:data1\" content=\"1 minute\" \/>\n<script type=\"application\/ld+json\" class=\"yoast-schema-graph\">{\"@context\":\"https:\/\/schema.org\",\"@graph\":[{\"@type\":[\"WebPage\",\"ProfilePage\"],\"@id\":\"https:\/\/www.one.org\/de\/person\/dr-irme-stetter-karp\/\",\"url\":\"https:\/\/www.one.org\/de\/person\/dr-irme-stetter-karp\/\",\"name\":\"Dr. Irme Stetter-Karp - ONE.org Deutschland\",\"isPartOf\":{\"@id\":\"https:\/\/www.one.org\/de\/#website\"},\"primaryImageOfPage\":{\"@id\":\"https:\/\/www.one.org\/de\/person\/dr-irme-stetter-karp\/#primaryimage\"},\"image\":{\"@id\":\"https:\/\/www.one.org\/de\/person\/dr-irme-stetter-karp\/#primaryimage\"},\"thumbnailUrl\":\"https:\/\/www.one.org\/de\/wp-content\/uploads\/sites\/3\/2026\/01\/dr-irme-stetter-karp.jpg\",\"datePublished\":\"2026-01-22T15:08:34+00:00\",\"breadcrumb\":{\"@id\":\"https:\/\/www.one.org\/de\/person\/dr-irme-stetter-karp\/#breadcrumb\"},\"inLanguage\":\"de-DE\",\"potentialAction\":[{\"@type\":\"ReadAction\",\"target\":[\"https:\/\/www.one.org\/de\/person\/dr-irme-stetter-karp\/\"]}]},{\"@type\":\"ImageObject\",\"inLanguage\":\"de-DE\",\"@id\":\"https:\/\/www.one.org\/de\/person\/dr-irme-stetter-karp\/#primaryimage\",\"url\":\"https:\/\/www.one.org\/de\/wp-content\/uploads\/sites\/3\/2026\/01\/dr-irme-stetter-karp.jpg\",\"contentUrl\":\"https:\/\/www.one.org\/de\/wp-content\/uploads\/sites\/3\/2026\/01\/dr-irme-stetter-karp.jpg\",\"width\":491,\"height\":492},{\"@type\":\"BreadcrumbList\",\"@id\":\"https:\/\/www.one.org\/de\/person\/dr-irme-stetter-karp\/#breadcrumb\",\"itemListElement\":[{\"@type\":\"ListItem\",\"position\":1,\"name\":\"Home\",\"item\":\"https:\/\/www.one.org\/de\/\"},{\"@type\":\"ListItem\",\"position\":2,\"name\":\"Dr. Irme Stetter-Karp\"}]},{\"@type\":\"WebSite\",\"@id\":\"https:\/\/www.one.org\/de\/#website\",\"url\":\"https:\/\/www.one.org\/de\/\",\"name\":\"ONE.org\",\"description\":\"F\u00fcr mehr wirtschaftliche Chancen und ein starkes Gesundheitswesen in Afrika\",\"potentialAction\":[{\"@type\":\"SearchAction\",\"target\":{\"@type\":\"EntryPoint\",\"urlTemplate\":\"https:\/\/www.one.org\/de\/?s={search_term_string}\"},\"query-input\":{\"@type\":\"PropertyValueSpecification\",\"valueRequired\":true,\"valueName\":\"search_term_string\"}}],\"inLanguage\":\"de-DE\"}]}<\/script>\n<!-- \/ Yoast SEO Premium plugin. -->","yoast_head_json":{"title":"Dr. Irme Stetter-Karp - ONE.org Deutschland","robots":{"index":"index","follow":"follow","max-snippet":"max-snippet:-1","max-image-preview":"max-image-preview:large","max-video-preview":"max-video-preview:-1"},"canonical":"https:\/\/www.one.org\/de\/person\/dr-irme-stetter-karp\/","og_locale":"de_DE","og_type":"article","og_title":"Dr. Irme Stetter-Karp","og_description":"Dr. Irme Stetter-Karp ist Diplom-Sozialarbeiterin, Diplom-P\u00e4dagogin, Dr. rer.soc, und sie hat einen Medizinethik-Master. Seit 1986 hat Irme-Stetter-Karp F\u00fchrungsaufgaben in der Di\u00f6zese Rottenburg-Stuttgart inne: 1986 in Personalunion Leiterin des Bisch\u00f6flichen Jugendamtes und BDKJ-Di\u00f6zesanvorsitzende, Leiterin des Bildungswerks, Di\u00f6zesancaritasdirektorin, 2006-2020 Ordinariatsr\u00e4tin\/Leiterin der Hauptabteilung Caritas. Irme Stetter-Karp hat viele Ehren\u00e4mter inne: 2010-2022 Vizepr\u00e4sidentin des Deutschen Caritasverbandes, 2007-2019 Bundesvorsitzende IN [&hellip;]","og_url":"https:\/\/www.one.org\/de\/person\/dr-irme-stetter-karp\/","og_site_name":"ONE.org Deutschland","article_publisher":"https:\/\/www.facebook.com\/ONEinNederland","og_image":[{"width":491,"height":492,"url":"https:\/\/www.one.org\/de\/wp-content\/uploads\/sites\/3\/2026\/01\/dr-irme-stetter-karp.jpg","type":"image\/jpeg"}],"twitter_card":"summary_large_image","twitter_site":"@ONENederland","twitter_misc":{"Est. reading time":"1 minute"},"schema":{"@context":"https:\/\/schema.org","@graph":[{"@type":["WebPage","ProfilePage"],"@id":"https:\/\/www.one.org\/de\/person\/dr-irme-stetter-karp\/","url":"https:\/\/www.one.org\/de\/person\/dr-irme-stetter-karp\/","name":"Dr. Irme Stetter-Karp - ONE.org Deutschland","isPartOf":{"@id":"https:\/\/www.one.org\/de\/#website"},"primaryImageOfPage":{"@id":"https:\/\/www.one.org\/de\/person\/dr-irme-stetter-karp\/#primaryimage"},"image":{"@id":"https:\/\/www.one.org\/de\/person\/dr-irme-stetter-karp\/#primaryimage"},"thumbnailUrl":"https:\/\/www.one.org\/de\/wp-content\/uploads\/sites\/3\/2026\/01\/dr-irme-stetter-karp.jpg","datePublished":"2026-01-22T15:08:34+00:00","breadcrumb":{"@id":"https:\/\/www.one.org\/de\/person\/dr-irme-stetter-karp\/#breadcrumb"},"inLanguage":"de-DE","potentialAction":[{"@type":"ReadAction","target":["https:\/\/www.one.org\/de\/person\/dr-irme-stetter-karp\/"]}]},{"@type":"ImageObject","inLanguage":"de-DE","@id":"https:\/\/www.one.org\/de\/person\/dr-irme-stetter-karp\/#primaryimage","url":"https:\/\/www.one.org\/de\/wp-content\/uploads\/sites\/3\/2026\/01\/dr-irme-stetter-karp.jpg","contentUrl":"https:\/\/www.one.org\/de\/wp-content\/uploads\/sites\/3\/2026\/01\/dr-irme-stetter-karp.jpg","width":491,"height":492},{"@type":"BreadcrumbList","@id":"https:\/\/www.one.org\/de\/person\/dr-irme-stetter-karp\/#breadcrumb","itemListElement":[{"@type":"ListItem","position":1,"name":"Home","item":"https:\/\/www.one.org\/de\/"},{"@type":"ListItem","position":2,"name":"Dr. Irme Stetter-Karp"}]},{"@type":"WebSite","@id":"https:\/\/www.one.org\/de\/#website","url":"https:\/\/www.one.org\/de\/","name":"ONE.org","description":"F\u00fcr mehr wirtschaftliche Chancen und ein starkes Gesundheitswesen in Afrika","potentialAction":[{"@type":"SearchAction","target":{"@type":"EntryPoint","urlTemplate":"https:\/\/www.one.org\/de\/?s={search_term_string}"},"query-input":{"@type":"PropertyValueSpecification","valueRequired":true,"valueName":"search_term_string"}}],"inLanguage":"de-DE"}]}},"distributor_meta":false,"distributor_terms":false,"distributor_media":false,"distributor_original_site_name":"ONE.org Deutschland","distributor_original_site_url":"https:\/\/www.one.org\/de","push-errors":false,"_links":{"self":[{"href":"https:\/\/www.one.org\/de\/wp-json\/wp\/v2\/one_person\/173361","targetHints":{"allow":["GET"]}}],"collection":[{"href":"https:\/\/www.one.org\/de\/wp-json\/wp\/v2\/one_person"}],"about":[{"href":"https:\/\/www.one.org\/de\/wp-json\/wp\/v2\/types\/one_person"}],"author":[{"embeddable":true,"href":"https:\/\/www.one.org\/de\/wp-json\/wp\/v2\/users\/3"}],"version-history":[{"count":0,"href":"https:\/\/www.one.org\/de\/wp-json\/wp\/v2\/one_person\/173361\/revisions"}],"wp:featuredmedia":[{"embeddable":true,"href":"https:\/\/www.one.org\/de\/wp-json\/wp\/v2\/media\/170211"}],"wp:attachment":[{"href":"https:\/\/www.one.org\/de\/wp-json\/wp\/v2\/media?parent=173361"}],"wp:term":[{"taxonomy":"team","embeddable":true,"href":"https:\/\/www.one.org\/de\/wp-json\/wp\/v2\/team?post=173361"}],"curies":[{"name":"wp","href":"https:\/\/api.w.org\/{rel}","templated":true}]}}

<p>Dr. Irme Stetter-Karp ist Diplom-Sozialarbeiterin, Diplom-Pädagogin, Dr. rer.soc, und sie hat einen Medizinethik-Master. Seit 1986 hat Irme-Stetter-Karp Führungsaufgaben in der Diözese Rottenburg-Stuttgart inne: 1986 in Personalunion Leiterin des Bischöflichen Jugendamtes und BDKJ-Diözesanvorsitzende, Leiterin des Bildungswerks, Diözesancaritasdirektorin, 2006-2020 Ordinariatsrätin/Leiterin der Hauptabteilung Caritas. Irme Stetter-Karp hat viele Ehrenämter inne: 2010-2022 Vizepräsidentin des Deutschen Caritasverbandes, 2007-2019 Bundesvorsitzende IN VIA; seit 2020 Präsidentin des Deutschen Verein für öffentliche und private Fürsorge e.V. Berlin. Irme Stetter-Karp beschreibt ihre Motivation folgendermaßen: Frieden ist keine Selbstverständlichkeit mehr. Als Christen müssen wir Haltung zeigen und öffentlich für die Würde aller Menschen einstehen.</p>
<div class="buffer"></div>

<p>Dr. Irme Stetter-Karp ist Diplom-Sozialarbeiterin, Diplom-Pädagogin, Dr. rer.soc, und sie hat einen Medizinethik-Master. Seit 1986 hat Irme-Stetter-Karp Führungsaufgaben in der Diözese Rottenburg-Stuttgart inne: 1986 in Personalunion Leiterin des Bischöflichen Jugendamtes und BDKJ-Diözesanvorsitzende, Leiterin des Bildungswerks, Diözesancaritasdirektorin, 2006-2020 Ordinariatsrätin/Leiterin der Hauptabteilung Caritas. Irme Stetter-Karp hat viele Ehrenämter inne: 2010-2022 Vizepräsidentin des Deutschen Caritasverbandes, 2007-2019 Bundesvorsitzende IN [&hellip;]</p>

<!-- This site is optimized with the Yoast SEO Premium plugin v27.1 (Yoast SEO v27.1.1) - https://yoast.com/product/yoast-seo-premium-wordpress/ -->
<title>Dr. Irme Stetter-Karp - ONE.org Deutschland</title>
<meta name="robots" content="index, follow, max-snippet:-1, max-image-preview:large, max-video-preview:-1" />
<link rel="canonical" href="https://www.one.org/de/person/dr-irme-stetter-karp/" />
<meta property="og:locale" content="de_DE" />
<meta property="og:type" content="article" />
<meta property="og:title" content="Dr. Irme Stetter-Karp" />
<meta property="og:description" content="Dr. Irme Stetter-Karp ist Diplom-Sozialarbeiterin, Diplom-Pädagogin, Dr. rer.soc, und sie hat einen Medizinethik-Master. Seit 1986 hat Irme-Stetter-Karp Führungsaufgaben in der Diözese Rottenburg-Stuttgart inne: 1986 in Personalunion Leiterin des Bischöflichen Jugendamtes und BDKJ-Diözesanvorsitzende, Leiterin des Bildungswerks, Diözesancaritasdirektorin, 2006-2020 Ordinariatsrätin/Leiterin der Hauptabteilung Caritas. Irme Stetter-Karp hat viele Ehrenämter inne: 2010-2022 Vizepräsidentin des Deutschen Caritasverbandes, 2007-2019 Bundesvorsitzende IN [&hellip;]" />
<meta property="og:url" content="https://www.one.org/de/person/dr-irme-stetter-karp/" />
<meta property="og:site_name" content="ONE.org Deutschland" />
<meta property="article:publisher" content="https://www.facebook.com/ONEinNederland" />
<meta property="og:image" content="https://www.one.org/de/wp-content/uploads/sites/3/2026/01/dr-irme-stetter-karp.jpg" />
	<meta property="og:image:width" content="491" />
	<meta property="og:image:height" content="492" />
	<meta property="og:image:type" content="image/jpeg" />
<meta name="twitter:card" content="summary_large_image" />
<meta name="twitter:site" content="@ONENederland" />
<meta name="twitter:label1" content="Est. reading time" />
	<meta name="twitter:data1" content="1 minute" />
<script type="application/ld+json" class="yoast-schema-graph">{"@context":"https://schema.org","@graph":[{"@type":["WebPage","ProfilePage"],"@id":"https://www.one.org/de/person/dr-irme-stetter-karp/","url":"https://www.one.org/de/person/dr-irme-stetter-karp/","name":"Dr. Irme Stetter-Karp - ONE.org Deutschland","isPartOf":{"@id":"https://www.one.org/de/#website"},"primaryImageOfPage":{"@id":"https://www.one.org/de/person/dr-irme-stetter-karp/#primaryimage"},"image":{"@id":"https://www.one.org/de/person/dr-irme-stetter-karp/#primaryimage"},"thumbnailUrl":"https://www.one.org/de/wp-content/uploads/sites/3/2026/01/dr-irme-stetter-karp.jpg","datePublished":"2026-01-22T15:08:34+00:00","breadcrumb":{"@id":"https://www.one.org/de/person/dr-irme-stetter-karp/#breadcrumb"},"inLanguage":"de-DE","potentialAction":[{"@type":"ReadAction","target":["https://www.one.org/de/person/dr-irme-stetter-karp/"]}]},{"@type":"ImageObject","inLanguage":"de-DE","@id":"https://www.one.org/de/person/dr-irme-stetter-karp/#primaryimage","url":"https://www.one.org/de/wp-content/uploads/sites/3/2026/01/dr-irme-stetter-karp.jpg","contentUrl":"https://www.one.org/de/wp-content/uploads/sites/3/2026/01/dr-irme-stetter-karp.jpg","width":491,"height":492},{"@type":"BreadcrumbList","@id":"https://www.one.org/de/person/dr-irme-stetter-karp/#breadcrumb","itemListElement":[{"@type":"ListItem","position":1,"name":"Home","item":"https://www.one.org/de/"},{"@type":"ListItem","position":2,"name":"Dr. Irme Stetter-Karp"}]},{"@type":"WebSite","@id":"https://www.one.org/de/#website","url":"https://www.one.org/de/","name":"ONE.org","description":"Für mehr wirtschaftliche Chancen und ein starkes Gesundheitswesen in Afrika","potentialAction":[{"@type":"SearchAction","target":{"@type":"EntryPoint","urlTemplate":"https://www.one.org/de/?s={search_term_string}"},"query-input":{"@type":"PropertyValueSpecification","valueRequired":true,"valueName":"search_term_string"}}],"inLanguage":"de-DE"}]}</script>
<!-- / Yoast SEO Premium plugin. -->

Dr. Irme Stetter-Karp ist Diplom-Sozialarbeiterin, Diplom-Pädagogin, Dr. rer.soc, und sie hat einen Medizinethik-Master. Seit 1986 hat Irme-Stetter-Karp Führungsaufgaben in der Diözese Rottenburg-Stuttgart inne: 1986 in Personalunion Leiterin des Bischöflichen Jugendamtes und BDKJ-Diözesanvorsitzende, Leiterin des Bildungswerks, Diözesancaritasdirektorin, 2006-2020 Ordinariatsrätin/Leiterin der Hauptabteilung Caritas. Irme Stetter-Karp hat viele Ehrenämter inne: 2010-2022 Vizepräsidentin des Deutschen Caritasverbandes, 2007-2019 Bundesvorsitzende IN [&hellip;]

Für mehr wirtschaftliche Chancen und ein starkes Gesundheitswesen in Afrika
