{"id":173357,"date":"2026-01-22T15:08:34","date_gmt":"2026-01-22T15:08:34","guid":{"rendered":"https:\/\/pressable.one.org.ddev.site:8443\/?post_type=one_person&amp;p=170196"},"modified":"2026-01-22T15:08:34","modified_gmt":"2026-01-22T15:08:34","slug":"anna-nicole-heinrich","status":"publish","type":"one_person","link":"https:\/\/www.one.org\/de\/person\/anna-nicole-heinrich\/","title":{"rendered":"Anna-Nicole Heinrich"},"content":{"rendered":"\n<p>Anna-Nicole Heinrich ist die Pr\u00e4ses der Synode der Evangelischen Kirche in Deutschland (EKD) und damit eine der h\u00f6chsten Repr\u00e4sentant:innen der EKD. Geboren 1996 in Schwandorf und aufgewachsen in Nittenau, fand sie \u00fcber Religionsunterricht und Jugendarbeit ihren Zugang zum Glauben. 2021 wurde sie mit 25 Jahren zur bislang j\u00fcngsten Pr\u00e4ses der EKD gew\u00e4hlt. Sie leitet die Tagungen der EKD-Synode, vertritt sie nach au\u00dfen und engagiert sich f\u00fcr eine mutige, zukunftsorientierte Kirche. Ihre #Pr\u00e4sestouren durch Deutschland verbinden Kirche mit gesellschaftlichen Akteur*innen. Beruflich ist sie au\u00dferdem in einem gemeinn\u00fctzigen Netzwerk t\u00e4tig.<\/p>\n<div class=\"buffer\"><\/div>","protected":false},"excerpt":{"rendered":"<p>Anna-Nicole Heinrich ist die Pr\u00e4ses der Synode der Evangelischen Kirche in Deutschland (EKD) und damit eine der h\u00f6chsten Repr\u00e4sentant:innen der EKD. Geboren 1996 in Schwandorf und aufgewachsen in Nittenau, fand sie \u00fcber Religionsunterricht und Jugendarbeit ihren Zugang zum Glauben. 2021 wurde sie mit 25 Jahren zur bislang j\u00fcngsten Pr\u00e4ses der EKD gew\u00e4hlt. Sie leitet die [&hellip;]<\/p>\n","protected":false},"author":3,"featured_media":170208,"template":"","meta":{"_acf_changed":false,"_relevanssi_hide_post":"","_relevanssi_hide_content":"","_relevanssi_pin_for_all":"","_relevanssi_pin_keywords":"","_relevanssi_unpin_keywords":"","_relevanssi_related_keywords":"","_relevanssi_related_include_ids":"","_relevanssi_related_exclude_ids":"","_relevanssi_related_no_append":"","_relevanssi_related_not_related":"","_relevanssi_related_posts":"163507,163633,163734,163611,164436,164245","_relevanssi_noindex_reason":"","footnotes":""},"team":[328],"class_list":["post-173357","one_person","type-one_person","status-publish","has-post-thumbnail","hentry"],"acf":[],"yoast_head":"<!-- This site is optimized with the Yoast SEO Premium plugin v27.1 (Yoast SEO v27.1.1) - https:\/\/yoast.com\/product\/yoast-seo-premium-wordpress\/ -->\n<title>Anna-Nicole Heinrich - ONE.org Deutschland<\/title>\n<meta name=\"robots\" content=\"index, follow, max-snippet:-1, max-image-preview:large, max-video-preview:-1\" \/>\n<link rel=\"canonical\" href=\"https:\/\/www.one.org\/de\/person\/anna-nicole-heinrich\/\" \/>\n<meta property=\"og:locale\" content=\"de_DE\" \/>\n<meta property=\"og:type\" content=\"article\" \/>\n<meta property=\"og:title\" content=\"Anna-Nicole Heinrich\" \/>\n<meta property=\"og:description\" content=\"Anna-Nicole Heinrich ist die Pr\u00e4ses der Synode der Evangelischen Kirche in Deutschland (EKD) und damit eine der h\u00f6chsten Repr\u00e4sentant:innen der EKD. Geboren 1996 in Schwandorf und aufgewachsen in Nittenau, fand sie \u00fcber Religionsunterricht und Jugendarbeit ihren Zugang zum Glauben. 2021 wurde sie mit 25 Jahren zur bislang j\u00fcngsten Pr\u00e4ses der EKD gew\u00e4hlt. Sie leitet die [&hellip;]\" \/>\n<meta property=\"og:url\" content=\"https:\/\/www.one.org\/de\/person\/anna-nicole-heinrich\/\" \/>\n<meta property=\"og:site_name\" content=\"ONE.org Deutschland\" \/>\n<meta property=\"article:publisher\" content=\"https:\/\/www.facebook.com\/ONEinNederland\" \/>\n<meta property=\"og:image\" content=\"https:\/\/www.one.org\/de\/wp-content\/uploads\/sites\/3\/2026\/01\/anna-nicole-heinrich.jpg\" \/>\n\t<meta property=\"og:image:width\" content=\"491\" \/>\n\t<meta property=\"og:image:height\" content=\"492\" \/>\n\t<meta property=\"og:image:type\" content=\"image\/jpeg\" \/>\n<meta name=\"twitter:card\" content=\"summary_large_image\" \/>\n<meta name=\"twitter:site\" content=\"@ONENederland\" \/>\n<meta name=\"twitter:label1\" content=\"Est. reading time\" \/>\n\t<meta name=\"twitter:data1\" content=\"1 minute\" \/>\n<script type=\"application\/ld+json\" class=\"yoast-schema-graph\">{\"@context\":\"https:\/\/schema.org\",\"@graph\":[{\"@type\":[\"WebPage\",\"ProfilePage\"],\"@id\":\"https:\/\/www.one.org\/de\/person\/anna-nicole-heinrich\/\",\"url\":\"https:\/\/www.one.org\/de\/person\/anna-nicole-heinrich\/\",\"name\":\"Anna-Nicole Heinrich - ONE.org Deutschland\",\"isPartOf\":{\"@id\":\"https:\/\/www.one.org\/de\/#website\"},\"primaryImageOfPage\":{\"@id\":\"https:\/\/www.one.org\/de\/person\/anna-nicole-heinrich\/#primaryimage\"},\"image\":{\"@id\":\"https:\/\/www.one.org\/de\/person\/anna-nicole-heinrich\/#primaryimage\"},\"thumbnailUrl\":\"https:\/\/www.one.org\/de\/wp-content\/uploads\/sites\/3\/2026\/01\/anna-nicole-heinrich.jpg\",\"datePublished\":\"2026-01-22T15:08:34+00:00\",\"breadcrumb\":{\"@id\":\"https:\/\/www.one.org\/de\/person\/anna-nicole-heinrich\/#breadcrumb\"},\"inLanguage\":\"de-DE\",\"potentialAction\":[{\"@type\":\"ReadAction\",\"target\":[\"https:\/\/www.one.org\/de\/person\/anna-nicole-heinrich\/\"]}]},{\"@type\":\"ImageObject\",\"inLanguage\":\"de-DE\",\"@id\":\"https:\/\/www.one.org\/de\/person\/anna-nicole-heinrich\/#primaryimage\",\"url\":\"https:\/\/www.one.org\/de\/wp-content\/uploads\/sites\/3\/2026\/01\/anna-nicole-heinrich.jpg\",\"contentUrl\":\"https:\/\/www.one.org\/de\/wp-content\/uploads\/sites\/3\/2026\/01\/anna-nicole-heinrich.jpg\",\"width\":491,\"height\":492},{\"@type\":\"BreadcrumbList\",\"@id\":\"https:\/\/www.one.org\/de\/person\/anna-nicole-heinrich\/#breadcrumb\",\"itemListElement\":[{\"@type\":\"ListItem\",\"position\":1,\"name\":\"Home\",\"item\":\"https:\/\/www.one.org\/de\/\"},{\"@type\":\"ListItem\",\"position\":2,\"name\":\"Anna-Nicole Heinrich\"}]},{\"@type\":\"WebSite\",\"@id\":\"https:\/\/www.one.org\/de\/#website\",\"url\":\"https:\/\/www.one.org\/de\/\",\"name\":\"ONE.org\",\"description\":\"F\u00fcr mehr wirtschaftliche Chancen und ein starkes Gesundheitswesen in Afrika\",\"potentialAction\":[{\"@type\":\"SearchAction\",\"target\":{\"@type\":\"EntryPoint\",\"urlTemplate\":\"https:\/\/www.one.org\/de\/?s={search_term_string}\"},\"query-input\":{\"@type\":\"PropertyValueSpecification\",\"valueRequired\":true,\"valueName\":\"search_term_string\"}}],\"inLanguage\":\"de-DE\"}]}<\/script>\n<!-- \/ Yoast SEO Premium plugin. -->","yoast_head_json":{"title":"Anna-Nicole Heinrich - ONE.org Deutschland","robots":{"index":"index","follow":"follow","max-snippet":"max-snippet:-1","max-image-preview":"max-image-preview:large","max-video-preview":"max-video-preview:-1"},"canonical":"https:\/\/www.one.org\/de\/person\/anna-nicole-heinrich\/","og_locale":"de_DE","og_type":"article","og_title":"Anna-Nicole Heinrich","og_description":"Anna-Nicole Heinrich ist die Pr\u00e4ses der Synode der Evangelischen Kirche in Deutschland (EKD) und damit eine der h\u00f6chsten Repr\u00e4sentant:innen der EKD. Geboren 1996 in Schwandorf und aufgewachsen in Nittenau, fand sie \u00fcber Religionsunterricht und Jugendarbeit ihren Zugang zum Glauben. 2021 wurde sie mit 25 Jahren zur bislang j\u00fcngsten Pr\u00e4ses der EKD gew\u00e4hlt. Sie leitet die [&hellip;]","og_url":"https:\/\/www.one.org\/de\/person\/anna-nicole-heinrich\/","og_site_name":"ONE.org Deutschland","article_publisher":"https:\/\/www.facebook.com\/ONEinNederland","og_image":[{"width":491,"height":492,"url":"https:\/\/www.one.org\/de\/wp-content\/uploads\/sites\/3\/2026\/01\/anna-nicole-heinrich.jpg","type":"image\/jpeg"}],"twitter_card":"summary_large_image","twitter_site":"@ONENederland","twitter_misc":{"Est. reading time":"1 minute"},"schema":{"@context":"https:\/\/schema.org","@graph":[{"@type":["WebPage","ProfilePage"],"@id":"https:\/\/www.one.org\/de\/person\/anna-nicole-heinrich\/","url":"https:\/\/www.one.org\/de\/person\/anna-nicole-heinrich\/","name":"Anna-Nicole Heinrich - ONE.org Deutschland","isPartOf":{"@id":"https:\/\/www.one.org\/de\/#website"},"primaryImageOfPage":{"@id":"https:\/\/www.one.org\/de\/person\/anna-nicole-heinrich\/#primaryimage"},"image":{"@id":"https:\/\/www.one.org\/de\/person\/anna-nicole-heinrich\/#primaryimage"},"thumbnailUrl":"https:\/\/www.one.org\/de\/wp-content\/uploads\/sites\/3\/2026\/01\/anna-nicole-heinrich.jpg","datePublished":"2026-01-22T15:08:34+00:00","breadcrumb":{"@id":"https:\/\/www.one.org\/de\/person\/anna-nicole-heinrich\/#breadcrumb"},"inLanguage":"de-DE","potentialAction":[{"@type":"ReadAction","target":["https:\/\/www.one.org\/de\/person\/anna-nicole-heinrich\/"]}]},{"@type":"ImageObject","inLanguage":"de-DE","@id":"https:\/\/www.one.org\/de\/person\/anna-nicole-heinrich\/#primaryimage","url":"https:\/\/www.one.org\/de\/wp-content\/uploads\/sites\/3\/2026\/01\/anna-nicole-heinrich.jpg","contentUrl":"https:\/\/www.one.org\/de\/wp-content\/uploads\/sites\/3\/2026\/01\/anna-nicole-heinrich.jpg","width":491,"height":492},{"@type":"BreadcrumbList","@id":"https:\/\/www.one.org\/de\/person\/anna-nicole-heinrich\/#breadcrumb","itemListElement":[{"@type":"ListItem","position":1,"name":"Home","item":"https:\/\/www.one.org\/de\/"},{"@type":"ListItem","position":2,"name":"Anna-Nicole Heinrich"}]},{"@type":"WebSite","@id":"https:\/\/www.one.org\/de\/#website","url":"https:\/\/www.one.org\/de\/","name":"ONE.org","description":"F\u00fcr mehr wirtschaftliche Chancen und ein starkes Gesundheitswesen in Afrika","potentialAction":[{"@type":"SearchAction","target":{"@type":"EntryPoint","urlTemplate":"https:\/\/www.one.org\/de\/?s={search_term_string}"},"query-input":{"@type":"PropertyValueSpecification","valueRequired":true,"valueName":"search_term_string"}}],"inLanguage":"de-DE"}]}},"distributor_meta":false,"distributor_terms":false,"distributor_media":false,"distributor_original_site_name":"ONE.org Deutschland","distributor_original_site_url":"https:\/\/www.one.org\/de","push-errors":false,"_links":{"self":[{"href":"https:\/\/www.one.org\/de\/wp-json\/wp\/v2\/one_person\/173357","targetHints":{"allow":["GET"]}}],"collection":[{"href":"https:\/\/www.one.org\/de\/wp-json\/wp\/v2\/one_person"}],"about":[{"href":"https:\/\/www.one.org\/de\/wp-json\/wp\/v2\/types\/one_person"}],"author":[{"embeddable":true,"href":"https:\/\/www.one.org\/de\/wp-json\/wp\/v2\/users\/3"}],"version-history":[{"count":0,"href":"https:\/\/www.one.org\/de\/wp-json\/wp\/v2\/one_person\/173357\/revisions"}],"wp:featuredmedia":[{"embeddable":true,"href":"https:\/\/www.one.org\/de\/wp-json\/wp\/v2\/media\/170208"}],"wp:attachment":[{"href":"https:\/\/www.one.org\/de\/wp-json\/wp\/v2\/media?parent=173357"}],"wp:term":[{"taxonomy":"team","embeddable":true,"href":"https:\/\/www.one.org\/de\/wp-json\/wp\/v2\/team?post=173357"}],"curies":[{"name":"wp","href":"https:\/\/api.w.org\/{rel}","templated":true}]}}

<p>Anna-Nicole Heinrich ist die Präses der Synode der Evangelischen Kirche in Deutschland (EKD) und damit eine der höchsten Repräsentant:innen der EKD. Geboren 1996 in Schwandorf und aufgewachsen in Nittenau, fand sie über Religionsunterricht und Jugendarbeit ihren Zugang zum Glauben. 2021 wurde sie mit 25 Jahren zur bislang jüngsten Präses der EKD gewählt. Sie leitet die Tagungen der EKD-Synode, vertritt sie nach außen und engagiert sich für eine mutige, zukunftsorientierte Kirche. Ihre #Präsestouren durch Deutschland verbinden Kirche mit gesellschaftlichen Akteur*innen. Beruflich ist sie außerdem in einem gemeinnützigen Netzwerk tätig.</p>
<div class="buffer"></div>

<p>Anna-Nicole Heinrich ist die Präses der Synode der Evangelischen Kirche in Deutschland (EKD) und damit eine der höchsten Repräsentant:innen der EKD. Geboren 1996 in Schwandorf und aufgewachsen in Nittenau, fand sie über Religionsunterricht und Jugendarbeit ihren Zugang zum Glauben. 2021 wurde sie mit 25 Jahren zur bislang jüngsten Präses der EKD gewählt. Sie leitet die [&hellip;]</p>

<!-- This site is optimized with the Yoast SEO Premium plugin v27.1 (Yoast SEO v27.1.1) - https://yoast.com/product/yoast-seo-premium-wordpress/ -->
<title>Anna-Nicole Heinrich - ONE.org Deutschland</title>
<meta name="robots" content="index, follow, max-snippet:-1, max-image-preview:large, max-video-preview:-1" />
<link rel="canonical" href="https://www.one.org/de/person/anna-nicole-heinrich/" />
<meta property="og:locale" content="de_DE" />
<meta property="og:type" content="article" />
<meta property="og:title" content="Anna-Nicole Heinrich" />
<meta property="og:description" content="Anna-Nicole Heinrich ist die Präses der Synode der Evangelischen Kirche in Deutschland (EKD) und damit eine der höchsten Repräsentant:innen der EKD. Geboren 1996 in Schwandorf und aufgewachsen in Nittenau, fand sie über Religionsunterricht und Jugendarbeit ihren Zugang zum Glauben. 2021 wurde sie mit 25 Jahren zur bislang jüngsten Präses der EKD gewählt. Sie leitet die [&hellip;]" />
<meta property="og:url" content="https://www.one.org/de/person/anna-nicole-heinrich/" />
<meta property="og:site_name" content="ONE.org Deutschland" />
<meta property="article:publisher" content="https://www.facebook.com/ONEinNederland" />
<meta property="og:image" content="https://www.one.org/de/wp-content/uploads/sites/3/2026/01/anna-nicole-heinrich.jpg" />
	<meta property="og:image:width" content="491" />
	<meta property="og:image:height" content="492" />
	<meta property="og:image:type" content="image/jpeg" />
<meta name="twitter:card" content="summary_large_image" />
<meta name="twitter:site" content="@ONENederland" />
<meta name="twitter:label1" content="Est. reading time" />
	<meta name="twitter:data1" content="1 minute" />
<script type="application/ld+json" class="yoast-schema-graph">{"@context":"https://schema.org","@graph":[{"@type":["WebPage","ProfilePage"],"@id":"https://www.one.org/de/person/anna-nicole-heinrich/","url":"https://www.one.org/de/person/anna-nicole-heinrich/","name":"Anna-Nicole Heinrich - ONE.org Deutschland","isPartOf":{"@id":"https://www.one.org/de/#website"},"primaryImageOfPage":{"@id":"https://www.one.org/de/person/anna-nicole-heinrich/#primaryimage"},"image":{"@id":"https://www.one.org/de/person/anna-nicole-heinrich/#primaryimage"},"thumbnailUrl":"https://www.one.org/de/wp-content/uploads/sites/3/2026/01/anna-nicole-heinrich.jpg","datePublished":"2026-01-22T15:08:34+00:00","breadcrumb":{"@id":"https://www.one.org/de/person/anna-nicole-heinrich/#breadcrumb"},"inLanguage":"de-DE","potentialAction":[{"@type":"ReadAction","target":["https://www.one.org/de/person/anna-nicole-heinrich/"]}]},{"@type":"ImageObject","inLanguage":"de-DE","@id":"https://www.one.org/de/person/anna-nicole-heinrich/#primaryimage","url":"https://www.one.org/de/wp-content/uploads/sites/3/2026/01/anna-nicole-heinrich.jpg","contentUrl":"https://www.one.org/de/wp-content/uploads/sites/3/2026/01/anna-nicole-heinrich.jpg","width":491,"height":492},{"@type":"BreadcrumbList","@id":"https://www.one.org/de/person/anna-nicole-heinrich/#breadcrumb","itemListElement":[{"@type":"ListItem","position":1,"name":"Home","item":"https://www.one.org/de/"},{"@type":"ListItem","position":2,"name":"Anna-Nicole Heinrich"}]},{"@type":"WebSite","@id":"https://www.one.org/de/#website","url":"https://www.one.org/de/","name":"ONE.org","description":"Für mehr wirtschaftliche Chancen und ein starkes Gesundheitswesen in Afrika","potentialAction":[{"@type":"SearchAction","target":{"@type":"EntryPoint","urlTemplate":"https://www.one.org/de/?s={search_term_string}"},"query-input":{"@type":"PropertyValueSpecification","valueRequired":true,"valueName":"search_term_string"}}],"inLanguage":"de-DE"}]}</script>
<!-- / Yoast SEO Premium plugin. -->

Anna-Nicole Heinrich ist die Präses der Synode der Evangelischen Kirche in Deutschland (EKD) und damit eine der höchsten Repräsentant:innen der EKD. Geboren 1996 in Schwandorf und aufgewachsen in Nittenau, fand sie über Religionsunterricht und Jugendarbeit ihren Zugang zum Glauben. 2021 wurde sie mit 25 Jahren zur bislang jüngsten Präses der EKD gewählt. Sie leitet die [&hellip;]

Für mehr wirtschaftliche Chancen und ein starkes Gesundheitswesen in Afrika
