{"id":173355,"date":"2026-01-22T15:08:34","date_gmt":"2026-01-22T15:08:34","guid":{"rendered":"https:\/\/pressable.one.org.ddev.site:8443\/?post_type=one_person&#038;p=170194"},"modified":"2026-03-03T14:10:44","modified_gmt":"2026-03-03T14:10:44","slug":"sven-dorrenbacher","status":"publish","type":"one_person","link":"https:\/\/www.one.org\/de\/person\/sven-dorrenbacher\/","title":{"rendered":"Sven D\u00f6rrenb\u00e4cher"},"content":{"rendered":"\n<p>Sven D\u00f6rrenb\u00e4cher ist Unternehmer, Marketing- und Digitalstratege sowie Gr\u00fcnder von C_SR.org, ein gemeinn\u00fctziges Netzwerk, das die Kreativbranche mit Non-Profits zur St\u00e4rkung von Demokratie und Meinungsfreiheit verbindet. Er initiierte Kampagnen wie #ZusammenGegenCorona sowie #ZusammenF\u00fcrDemokratie zur Bundestagswahl 2025 mit \u00fcber 1.000 teilnehmenden Marken. Sven war in F\u00fchrungspositionen bei namhaften Agenturen t\u00e4tig: er gr\u00fcndete antoni in Berlin, war Gesch\u00e4ftsf\u00fchrer von Jung von Matt und CEO von Interone, wo er digitale Innovation und Transformation vorantrieb. Davor war er 10 Jahre Digital- und Media-Chef von Mercedes-Benz. Sein Fokus liegt darauf, komplexe Themen darunter Gesundheit, Demokratie + Nachhaltigkeit f\u00fcr unterschiedliche Zielgruppen verst\u00e4ndlich und relevant zu machen.<\/p>\n\n\n\n<p><\/p>\n<div class=\"buffer\"><\/div>","protected":false},"excerpt":{"rendered":"<p>Sven D\u00f6rrenb\u00e4cher ist Unternehmer, Marketing- und Digitalstratege sowie Gr\u00fcnder von C_SR.org, ein gemeinn\u00fctziges Netzwerk, das die Kreativbranche mit Non-Profits zur St\u00e4rkung von Demokratie und Meinungsfreiheit verbindet. Er initiierte Kampagnen wie #ZusammenGegenCorona sowie #ZusammenF\u00fcrDemokratie zur Bundestagswahl 2025 mit \u00fcber 1.000 teilnehmenden Marken. Sven war in F\u00fchrungspositionen bei namhaften Agenturen t\u00e4tig: er gr\u00fcndete antoni in Berlin, war [&hellip;]<\/p>\n","protected":false},"author":3,"featured_media":173373,"template":"","meta":{"_acf_changed":false,"_relevanssi_hide_post":"","_relevanssi_hide_content":"","_relevanssi_pin_for_all":"","_relevanssi_pin_keywords":"","_relevanssi_unpin_keywords":"","_relevanssi_related_keywords":"","_relevanssi_related_include_ids":"","_relevanssi_related_exclude_ids":"","_relevanssi_related_no_append":"","_relevanssi_related_not_related":"","_relevanssi_related_posts":"164175,163714,164242,163563,163529,164244","_relevanssi_noindex_reason":"","footnotes":""},"team":[328],"class_list":["post-173355","one_person","type-one_person","status-publish","has-post-thumbnail","hentry"],"acf":[],"yoast_head":"<!-- This site is optimized with the Yoast SEO Premium plugin v27.1 (Yoast SEO v27.1.1) - https:\/\/yoast.com\/product\/yoast-seo-premium-wordpress\/ -->\n<title>Sven D\u00f6rrenb\u00e4cher - ONE.org Deutschland<\/title>\n<meta name=\"robots\" content=\"index, follow, max-snippet:-1, max-image-preview:large, max-video-preview:-1\" \/>\n<link rel=\"canonical\" href=\"https:\/\/www.one.org\/de\/person\/sven-dorrenbacher\/\" \/>\n<meta property=\"og:locale\" content=\"de_DE\" \/>\n<meta property=\"og:type\" content=\"article\" \/>\n<meta property=\"og:title\" content=\"Sven D\u00f6rrenb\u00e4cher\" \/>\n<meta property=\"og:description\" content=\"Sven D\u00f6rrenb\u00e4cher ist Unternehmer, Marketing- und Digitalstratege sowie Gr\u00fcnder von C_SR.org, ein gemeinn\u00fctziges Netzwerk, das die Kreativbranche mit Non-Profits zur St\u00e4rkung von Demokratie und Meinungsfreiheit verbindet. Er initiierte Kampagnen wie #ZusammenGegenCorona sowie #ZusammenF\u00fcrDemokratie zur Bundestagswahl 2025 mit \u00fcber 1.000 teilnehmenden Marken. Sven war in F\u00fchrungspositionen bei namhaften Agenturen t\u00e4tig: er gr\u00fcndete antoni in Berlin, war [&hellip;]\" \/>\n<meta property=\"og:url\" content=\"https:\/\/www.one.org\/de\/person\/sven-dorrenbacher\/\" \/>\n<meta property=\"og:site_name\" content=\"ONE.org Deutschland\" \/>\n<meta property=\"article:publisher\" content=\"https:\/\/www.facebook.com\/ONEinNederland\" \/>\n<meta property=\"article:modified_time\" content=\"2026-03-03T14:10:44+00:00\" \/>\n<meta property=\"og:image\" content=\"https:\/\/www.one.org\/de\/wp-content\/uploads\/sites\/3\/2026\/01\/sven-doerrenbaecher.jpg\" \/>\n\t<meta property=\"og:image:width\" content=\"491\" \/>\n\t<meta property=\"og:image:height\" content=\"492\" \/>\n\t<meta property=\"og:image:type\" content=\"image\/jpeg\" \/>\n<meta name=\"twitter:card\" content=\"summary_large_image\" \/>\n<meta name=\"twitter:site\" content=\"@ONENederland\" \/>\n<meta name=\"twitter:label1\" content=\"Est. reading time\" \/>\n\t<meta name=\"twitter:data1\" content=\"1 minute\" \/>\n<script type=\"application\/ld+json\" class=\"yoast-schema-graph\">{\"@context\":\"https:\/\/schema.org\",\"@graph\":[{\"@type\":[\"WebPage\",\"ProfilePage\"],\"@id\":\"https:\/\/www.one.org\/de\/person\/sven-dorrenbacher\/\",\"url\":\"https:\/\/www.one.org\/de\/person\/sven-dorrenbacher\/\",\"name\":\"Sven D\u00f6rrenb\u00e4cher - ONE.org Deutschland\",\"isPartOf\":{\"@id\":\"https:\/\/www.one.org\/de\/#website\"},\"primaryImageOfPage\":{\"@id\":\"https:\/\/www.one.org\/de\/person\/sven-dorrenbacher\/#primaryimage\"},\"image\":{\"@id\":\"https:\/\/www.one.org\/de\/person\/sven-dorrenbacher\/#primaryimage\"},\"thumbnailUrl\":\"https:\/\/www.one.org\/de\/wp-content\/uploads\/sites\/3\/2026\/01\/sven-doerrenbaecher.jpg\",\"datePublished\":\"2026-01-22T15:08:34+00:00\",\"dateModified\":\"2026-03-03T14:10:44+00:00\",\"breadcrumb\":{\"@id\":\"https:\/\/www.one.org\/de\/person\/sven-dorrenbacher\/#breadcrumb\"},\"inLanguage\":\"de-DE\",\"potentialAction\":[{\"@type\":\"ReadAction\",\"target\":[\"https:\/\/www.one.org\/de\/person\/sven-dorrenbacher\/\"]}]},{\"@type\":\"ImageObject\",\"inLanguage\":\"de-DE\",\"@id\":\"https:\/\/www.one.org\/de\/person\/sven-dorrenbacher\/#primaryimage\",\"url\":\"https:\/\/www.one.org\/de\/wp-content\/uploads\/sites\/3\/2026\/01\/sven-doerrenbaecher.jpg\",\"contentUrl\":\"https:\/\/www.one.org\/de\/wp-content\/uploads\/sites\/3\/2026\/01\/sven-doerrenbaecher.jpg\",\"width\":491,\"height\":492},{\"@type\":\"BreadcrumbList\",\"@id\":\"https:\/\/www.one.org\/de\/person\/sven-dorrenbacher\/#breadcrumb\",\"itemListElement\":[{\"@type\":\"ListItem\",\"position\":1,\"name\":\"Home\",\"item\":\"https:\/\/www.one.org\/de\/\"},{\"@type\":\"ListItem\",\"position\":2,\"name\":\"Sven D\u00f6rrenb\u00e4cher\"}]},{\"@type\":\"WebSite\",\"@id\":\"https:\/\/www.one.org\/de\/#website\",\"url\":\"https:\/\/www.one.org\/de\/\",\"name\":\"ONE.org\",\"description\":\"F\u00fcr mehr wirtschaftliche Chancen und ein starkes Gesundheitswesen in Afrika\",\"potentialAction\":[{\"@type\":\"SearchAction\",\"target\":{\"@type\":\"EntryPoint\",\"urlTemplate\":\"https:\/\/www.one.org\/de\/?s={search_term_string}\"},\"query-input\":{\"@type\":\"PropertyValueSpecification\",\"valueRequired\":true,\"valueName\":\"search_term_string\"}}],\"inLanguage\":\"de-DE\"}]}<\/script>\n<!-- \/ Yoast SEO Premium plugin. -->","yoast_head_json":{"title":"Sven D\u00f6rrenb\u00e4cher - ONE.org Deutschland","robots":{"index":"index","follow":"follow","max-snippet":"max-snippet:-1","max-image-preview":"max-image-preview:large","max-video-preview":"max-video-preview:-1"},"canonical":"https:\/\/www.one.org\/de\/person\/sven-dorrenbacher\/","og_locale":"de_DE","og_type":"article","og_title":"Sven D\u00f6rrenb\u00e4cher","og_description":"Sven D\u00f6rrenb\u00e4cher ist Unternehmer, Marketing- und Digitalstratege sowie Gr\u00fcnder von C_SR.org, ein gemeinn\u00fctziges Netzwerk, das die Kreativbranche mit Non-Profits zur St\u00e4rkung von Demokratie und Meinungsfreiheit verbindet. Er initiierte Kampagnen wie #ZusammenGegenCorona sowie #ZusammenF\u00fcrDemokratie zur Bundestagswahl 2025 mit \u00fcber 1.000 teilnehmenden Marken. Sven war in F\u00fchrungspositionen bei namhaften Agenturen t\u00e4tig: er gr\u00fcndete antoni in Berlin, war [&hellip;]","og_url":"https:\/\/www.one.org\/de\/person\/sven-dorrenbacher\/","og_site_name":"ONE.org Deutschland","article_publisher":"https:\/\/www.facebook.com\/ONEinNederland","article_modified_time":"2026-03-03T14:10:44+00:00","og_image":[{"width":491,"height":492,"url":"https:\/\/www.one.org\/de\/wp-content\/uploads\/sites\/3\/2026\/01\/sven-doerrenbaecher.jpg","type":"image\/jpeg"}],"twitter_card":"summary_large_image","twitter_site":"@ONENederland","twitter_misc":{"Est. reading time":"1 minute"},"schema":{"@context":"https:\/\/schema.org","@graph":[{"@type":["WebPage","ProfilePage"],"@id":"https:\/\/www.one.org\/de\/person\/sven-dorrenbacher\/","url":"https:\/\/www.one.org\/de\/person\/sven-dorrenbacher\/","name":"Sven D\u00f6rrenb\u00e4cher - ONE.org Deutschland","isPartOf":{"@id":"https:\/\/www.one.org\/de\/#website"},"primaryImageOfPage":{"@id":"https:\/\/www.one.org\/de\/person\/sven-dorrenbacher\/#primaryimage"},"image":{"@id":"https:\/\/www.one.org\/de\/person\/sven-dorrenbacher\/#primaryimage"},"thumbnailUrl":"https:\/\/www.one.org\/de\/wp-content\/uploads\/sites\/3\/2026\/01\/sven-doerrenbaecher.jpg","datePublished":"2026-01-22T15:08:34+00:00","dateModified":"2026-03-03T14:10:44+00:00","breadcrumb":{"@id":"https:\/\/www.one.org\/de\/person\/sven-dorrenbacher\/#breadcrumb"},"inLanguage":"de-DE","potentialAction":[{"@type":"ReadAction","target":["https:\/\/www.one.org\/de\/person\/sven-dorrenbacher\/"]}]},{"@type":"ImageObject","inLanguage":"de-DE","@id":"https:\/\/www.one.org\/de\/person\/sven-dorrenbacher\/#primaryimage","url":"https:\/\/www.one.org\/de\/wp-content\/uploads\/sites\/3\/2026\/01\/sven-doerrenbaecher.jpg","contentUrl":"https:\/\/www.one.org\/de\/wp-content\/uploads\/sites\/3\/2026\/01\/sven-doerrenbaecher.jpg","width":491,"height":492},{"@type":"BreadcrumbList","@id":"https:\/\/www.one.org\/de\/person\/sven-dorrenbacher\/#breadcrumb","itemListElement":[{"@type":"ListItem","position":1,"name":"Home","item":"https:\/\/www.one.org\/de\/"},{"@type":"ListItem","position":2,"name":"Sven D\u00f6rrenb\u00e4cher"}]},{"@type":"WebSite","@id":"https:\/\/www.one.org\/de\/#website","url":"https:\/\/www.one.org\/de\/","name":"ONE.org","description":"F\u00fcr mehr wirtschaftliche Chancen und ein starkes Gesundheitswesen in Afrika","potentialAction":[{"@type":"SearchAction","target":{"@type":"EntryPoint","urlTemplate":"https:\/\/www.one.org\/de\/?s={search_term_string}"},"query-input":{"@type":"PropertyValueSpecification","valueRequired":true,"valueName":"search_term_string"}}],"inLanguage":"de-DE"}]}},"distributor_meta":false,"distributor_terms":false,"distributor_media":false,"distributor_original_site_name":"ONE.org Deutschland","distributor_original_site_url":"https:\/\/www.one.org\/de","push-errors":false,"_links":{"self":[{"href":"https:\/\/www.one.org\/de\/wp-json\/wp\/v2\/one_person\/173355","targetHints":{"allow":["GET"]}}],"collection":[{"href":"https:\/\/www.one.org\/de\/wp-json\/wp\/v2\/one_person"}],"about":[{"href":"https:\/\/www.one.org\/de\/wp-json\/wp\/v2\/types\/one_person"}],"author":[{"embeddable":true,"href":"https:\/\/www.one.org\/de\/wp-json\/wp\/v2\/users\/3"}],"version-history":[{"count":0,"href":"https:\/\/www.one.org\/de\/wp-json\/wp\/v2\/one_person\/173355\/revisions"}],"wp:featuredmedia":[{"embeddable":true,"href":"https:\/\/www.one.org\/de\/wp-json\/wp\/v2\/media\/173373"}],"wp:attachment":[{"href":"https:\/\/www.one.org\/de\/wp-json\/wp\/v2\/media?parent=173355"}],"wp:term":[{"taxonomy":"team","embeddable":true,"href":"https:\/\/www.one.org\/de\/wp-json\/wp\/v2\/team?post=173355"}],"curies":[{"name":"wp","href":"https:\/\/api.w.org\/{rel}","templated":true}]}}

Sven Dörrenbächer

<p>Sven Dörrenbächer ist Unternehmer, Marketing- und Digitalstratege sowie Gründer von C_SR.org, ein gemeinnütziges Netzwerk, das die Kreativbranche mit Non-Profits zur Stärkung von Demokratie und Meinungsfreiheit verbindet. Er initiierte Kampagnen wie #ZusammenGegenCorona sowie #ZusammenFürDemokratie zur Bundestagswahl 2025 mit über 1.000 teilnehmenden Marken. Sven war in Führungspositionen bei namhaften Agenturen tätig: er gründete antoni in Berlin, war Geschäftsführer von Jung von Matt und CEO von Interone, wo er digitale Innovation und Transformation vorantrieb. Davor war er 10 Jahre Digital- und Media-Chef von Mercedes-Benz. Sein Fokus liegt darauf, komplexe Themen darunter Gesundheit, Demokratie + Nachhaltigkeit für unterschiedliche Zielgruppen verständlich und relevant zu machen.</p>



<p></p>
<div class="buffer"></div>

<p>Sven Dörrenbächer ist Unternehmer, Marketing- und Digitalstratege sowie Gründer von C_SR.org, ein gemeinnütziges Netzwerk, das die Kreativbranche mit Non-Profits zur Stärkung von Demokratie und Meinungsfreiheit verbindet. Er initiierte Kampagnen wie #ZusammenGegenCorona sowie #ZusammenFürDemokratie zur Bundestagswahl 2025 mit über 1.000 teilnehmenden Marken. Sven war in Führungspositionen bei namhaften Agenturen tätig: er gründete antoni in Berlin, war [&hellip;]</p>

<!-- This site is optimized with the Yoast SEO Premium plugin v27.1 (Yoast SEO v27.1.1) - https://yoast.com/product/yoast-seo-premium-wordpress/ -->
<title>Sven Dörrenbächer - ONE.org Deutschland</title>
<meta name="robots" content="index, follow, max-snippet:-1, max-image-preview:large, max-video-preview:-1" />
<link rel="canonical" href="https://www.one.org/de/person/sven-dorrenbacher/" />
<meta property="og:locale" content="de_DE" />
<meta property="og:type" content="article" />
<meta property="og:title" content="Sven Dörrenbächer" />
<meta property="og:description" content="Sven Dörrenbächer ist Unternehmer, Marketing- und Digitalstratege sowie Gründer von C_SR.org, ein gemeinnütziges Netzwerk, das die Kreativbranche mit Non-Profits zur Stärkung von Demokratie und Meinungsfreiheit verbindet. Er initiierte Kampagnen wie #ZusammenGegenCorona sowie #ZusammenFürDemokratie zur Bundestagswahl 2025 mit über 1.000 teilnehmenden Marken. Sven war in Führungspositionen bei namhaften Agenturen tätig: er gründete antoni in Berlin, war [&hellip;]" />
<meta property="og:url" content="https://www.one.org/de/person/sven-dorrenbacher/" />
<meta property="og:site_name" content="ONE.org Deutschland" />
<meta property="article:publisher" content="https://www.facebook.com/ONEinNederland" />
<meta property="article:modified_time" content="2026-03-03T14:10:44+00:00" />
<meta property="og:image" content="https://www.one.org/de/wp-content/uploads/sites/3/2026/01/sven-doerrenbaecher.jpg" />
	<meta property="og:image:width" content="491" />
	<meta property="og:image:height" content="492" />
	<meta property="og:image:type" content="image/jpeg" />
<meta name="twitter:card" content="summary_large_image" />
<meta name="twitter:site" content="@ONENederland" />
<meta name="twitter:label1" content="Est. reading time" />
	<meta name="twitter:data1" content="1 minute" />
<script type="application/ld+json" class="yoast-schema-graph">{"@context":"https://schema.org","@graph":[{"@type":["WebPage","ProfilePage"],"@id":"https://www.one.org/de/person/sven-dorrenbacher/","url":"https://www.one.org/de/person/sven-dorrenbacher/","name":"Sven Dörrenbächer - ONE.org Deutschland","isPartOf":{"@id":"https://www.one.org/de/#website"},"primaryImageOfPage":{"@id":"https://www.one.org/de/person/sven-dorrenbacher/#primaryimage"},"image":{"@id":"https://www.one.org/de/person/sven-dorrenbacher/#primaryimage"},"thumbnailUrl":"https://www.one.org/de/wp-content/uploads/sites/3/2026/01/sven-doerrenbaecher.jpg","datePublished":"2026-01-22T15:08:34+00:00","dateModified":"2026-03-03T14:10:44+00:00","breadcrumb":{"@id":"https://www.one.org/de/person/sven-dorrenbacher/#breadcrumb"},"inLanguage":"de-DE","potentialAction":[{"@type":"ReadAction","target":["https://www.one.org/de/person/sven-dorrenbacher/"]}]},{"@type":"ImageObject","inLanguage":"de-DE","@id":"https://www.one.org/de/person/sven-dorrenbacher/#primaryimage","url":"https://www.one.org/de/wp-content/uploads/sites/3/2026/01/sven-doerrenbaecher.jpg","contentUrl":"https://www.one.org/de/wp-content/uploads/sites/3/2026/01/sven-doerrenbaecher.jpg","width":491,"height":492},{"@type":"BreadcrumbList","@id":"https://www.one.org/de/person/sven-dorrenbacher/#breadcrumb","itemListElement":[{"@type":"ListItem","position":1,"name":"Home","item":"https://www.one.org/de/"},{"@type":"ListItem","position":2,"name":"Sven Dörrenbächer"}]},{"@type":"WebSite","@id":"https://www.one.org/de/#website","url":"https://www.one.org/de/","name":"ONE.org","description":"Für mehr wirtschaftliche Chancen und ein starkes Gesundheitswesen in Afrika","potentialAction":[{"@type":"SearchAction","target":{"@type":"EntryPoint","urlTemplate":"https://www.one.org/de/?s={search_term_string}"},"query-input":{"@type":"PropertyValueSpecification","valueRequired":true,"valueName":"search_term_string"}}],"inLanguage":"de-DE"}]}</script>
<!-- / Yoast SEO Premium plugin. -->

Sven Dörrenbächer - ONE.org Deutschland

Sven Dörrenbächer ist Unternehmer, Marketing- und Digitalstratege sowie Gründer von C_SR.org, ein gemeinnütziges Netzwerk, das die Kreativbranche mit Non-Profits zur Stärkung von Demokratie und Meinungsfreiheit verbindet. Er initiierte Kampagnen wie #ZusammenGegenCorona sowie #ZusammenFürDemokratie zur Bundestagswahl 2025 mit über 1.000 teilnehmenden Marken. Sven war in Führungspositionen bei namhaften Agenturen tätig: er gründete antoni in Berlin, war [&hellip;]

Für mehr wirtschaftliche Chancen und ein starkes Gesundheitswesen in Afrika
